Last updated on 2023-12-04 05:09:00 CET.
Flavor | Version | Tinstall | Tcheck | Ttotal | Status | Flags |
---|---|---|---|---|---|---|
r-devel-linux-x86_64-debian-clang | 0.1.0 | 16.46 | 123.99 | 140.45 | OK | |
r-devel-linux-x86_64-debian-gcc | 0.1.0 | 11.67 | 98.04 | 109.71 | OK | |
r-devel-linux-x86_64-fedora-clang | 0.1.0 | 191.44 | NOTE | |||
r-devel-linux-x86_64-fedora-gcc | 0.1.0 | 186.08 | NOTE | |||
r-devel-windows-x86_64 | 0.1.0 | 13.00 | 107.00 | 120.00 | OK | |
r-patched-linux-x86_64 | 0.1.0 | 9.95 | 128.57 | 138.52 | OK | |
r-release-linux-x86_64 | 0.1.0 | 10.42 | 128.52 | 138.94 | OK | |
r-release-macos-arm64 | 0.1.0 | 63.00 | OK | |||
r-release-macos-x86_64 | 0.1.0 | 88.00 | OK | |||
r-release-windows-x86_64 | 0.1.0 | 16.00 | 127.00 | 143.00 | OK | |
r-oldrel-macos-arm64 | 0.1.0 | 46.00 | OK | |||
r-oldrel-macos-x86_64 | 0.1.0 | 71.00 | OK | |||
r-oldrel-windows-x86_64 | 0.1.0 | 17.00 | 131.00 | 148.00 | OK |
Version: 0.1.0
Check: dependencies in R code
Result: NOTE
Namespaces in Imports field not imported from:
‘CBPS’ ‘spelling’
All declared Imports should be used.
Flavors: r-devel-linux-x86_64-fedora-clang, r-devel-linux-x86_64-fedora-gcc