CRAN Package Check Results for Package causal.decomp

Last updated on 2024-06-14 05:58:17 CEST.

Flavor Version Tinstall Tcheck Ttotal Status Flags
r-devel-linux-x86_64-debian-clang 0.1.0 11.51 132.03 143.54 OK
r-devel-linux-x86_64-debian-gcc 0.1.0 0.38 1.88 2.26 ERROR
r-devel-linux-x86_64-fedora-clang 0.1.0 185.60 NOTE
r-devel-linux-x86_64-fedora-gcc 0.1.0 186.69 NOTE
r-devel-windows-x86_64 0.1.0 12.00 104.00 116.00 OK
r-patched-linux-x86_64 0.1.0 10.75 128.06 138.81 OK
r-release-linux-x86_64 0.1.0 11.43 125.00 136.43 OK
r-release-macos-arm64 0.1.0 59.00 OK
r-release-macos-x86_64 0.1.0 82.00 OK
r-release-windows-x86_64 0.1.0 13.00 115.00 128.00 OK
r-oldrel-macos-arm64 0.1.0 63.00 OK
r-oldrel-macos-x86_64 0.1.0 88.00 OK
r-oldrel-windows-x86_64 0.1.0 16.00 132.00 148.00 OK

Check Details

Version: 0.1.0
Check: package dependencies
Result: ERROR Package required but not available: ‘PSweight’ See section ‘The DESCRIPTION file’ in the ‘Writing R Extensions’ manual. Flavor: r-devel-linux-x86_64-debian-gcc

Version: 0.1.0
Check: dependencies in R code
Result: NOTE Namespaces in Imports field not imported from: ‘CBPS’ ‘spelling’ All declared Imports should be used. Flavors: r-devel-linux-x86_64-fedora-clang, r-devel-linux-x86_64-fedora-gcc