Last updated on 2023-12-09 04:50:46 CET.
Flavor | Version | Tinstall | Tcheck | Ttotal | Status | Flags |
---|---|---|---|---|---|---|
r-devel-linux-x86_64-debian-clang | 0.8-6 | 8.89 | 81.92 | 90.81 | OK | |
r-devel-linux-x86_64-debian-gcc | 0.8-6 | 6.90 | 60.39 | 67.29 | OK | |
r-devel-linux-x86_64-fedora-clang | 0.8-6 | 110.55 | NOTE | |||
r-devel-linux-x86_64-fedora-gcc | 0.8-6 | 117.70 | OK | |||
r-devel-windows-x86_64 | 0.8-6 | 9.00 | 88.00 | 97.00 | OK | |
r-patched-linux-x86_64 | 0.8-6 | 8.79 | 77.63 | 86.42 | OK | |
r-release-linux-x86_64 | 0.8-6 | 6.37 | 78.24 | 84.61 | OK | |
r-release-macos-arm64 | 0.8-6 | 43.00 | OK | |||
r-release-macos-x86_64 | 0.8-6 | 58.00 | OK | |||
r-release-windows-x86_64 | 0.8-6 | 12.00 | 97.00 | 109.00 | OK | |
r-oldrel-macos-arm64 | 0.8-6 | 25.00 | OK | |||
r-oldrel-macos-x86_64 | 0.8-6 | 45.00 | OK | |||
r-oldrel-windows-x86_64 | 0.8-6 | 11.00 | 100.00 | 111.00 | OK |
Version: 0.8-6
Check: Rd cross-references
Result: NOTE
Undeclared packages ‘yacca’, ‘CCA’ in Rd xrefs
Flavor: r-devel-linux-x86_64-fedora-clang