CRAN Package Check Results for Package camsRad

Last updated on 2024-03-02 04:48:18 CET.

Flavor Version Tinstall Tcheck Ttotal Status Flags
r-devel-linux-x86_64-debian-clang 0.3.0 2.30 26.29 28.59 NOTE
r-devel-linux-x86_64-debian-gcc 0.3.0 1.74 20.57 22.31 NOTE
r-devel-linux-x86_64-fedora-clang 0.3.0 35.43 NOTE
r-devel-linux-x86_64-fedora-gcc 0.3.0 45.62 NOTE
r-devel-windows-x86_64 0.3.0 3.00 43.00 46.00 NOTE
r-patched-linux-x86_64 0.3.0 2.11 24.99 27.10 NOTE
r-release-linux-x86_64 0.3.0 2.05 25.58 27.63 NOTE
r-release-macos-arm64 0.3.0 23.00 NOTE
r-release-macos-x86_64 0.3.0 32.00 NOTE
r-release-windows-x86_64 0.3.0 4.00 45.00 49.00 NOTE
r-oldrel-macos-arm64 0.3.0 16.00 NOTE
r-oldrel-windows-x86_64 0.3.0 4.00 48.00 52.00 NOTE

Check Details

Version: 0.3.0
Check: LazyData
Result: NOTE 'LazyData' is specified without a 'data' directory Flavors: r-devel-linux-x86_64-debian-clang, r-devel-linux-x86_64-debian-gcc, r-devel-linux-x86_64-fedora-clang, r-devel-linux-x86_64-fedora-gcc, r-devel-windows-x86_64, r-patched-linux-x86_64, r-release-linux-x86_64, r-release-macos-arm64, r-release-macos-x86_64, r-release-windows-x86_64, r-oldrel-macos-arm64, r-oldrel-windows-x86_64