Last updated on 2023-12-07 04:56:18 CET.
Flavor | Version | Tinstall | Tcheck | Ttotal | Status | Flags |
---|---|---|---|---|---|---|
r-devel-linux-x86_64-debian-clang | 0.71.1 | 7.50 | 47.59 | 55.09 | NOTE | |
r-devel-linux-x86_64-debian-gcc | 0.71.1 | 4.75 | 36.06 | 40.81 | NOTE | |
r-devel-linux-x86_64-fedora-clang | 0.71.1 | 68.81 | OK | |||
r-devel-linux-x86_64-fedora-gcc | 0.71.1 | 65.57 | OK | |||
r-devel-windows-x86_64 | 0.71.1 | 8.00 | 60.00 | 68.00 | OK | |
r-patched-linux-x86_64 | 0.71.1 | 7.41 | 46.41 | 53.82 | OK | |
r-release-linux-x86_64 | 0.71.1 | 6.11 | 46.01 | 52.12 | OK | |
r-release-macos-arm64 | 0.71.1 | 23.00 | OK | |||
r-release-macos-x86_64 | 0.71.1 | 37.00 | OK | |||
r-release-windows-x86_64 | 0.71.1 | 11.00 | 64.00 | 75.00 | OK | |
r-oldrel-macos-arm64 | 0.71.1 | 25.00 | OK | |||
r-oldrel-macos-x86_64 | 0.71.1 | 30.00 | OK | |||
r-oldrel-windows-x86_64 | 0.71.1 | 10.00 | 65.00 | 75.00 | OK |
Version: 0.71.1
Check: Rd files
Result: NOTE
checkRd: (-1) plot.ca.rd:53: Lost braces in \itemize; meant \describe ?
checkRd: (-1) plot.ca.rd:56: Lost braces in \itemize; meant \describe ?
checkRd: (-1) plot.ca.rd:59: Lost braces in \itemize; meant \describe ?
checkRd: (-1) plot.ca.rd:62: Lost braces in \itemize; meant \describe ?
checkRd: (-1) plot.mjca.rd:57: Lost braces in \itemize; meant \describe ?
checkRd: (-1) plot.mjca.rd:60: Lost braces in \itemize; meant \describe ?
checkRd: (-1) plot.mjca.rd:63: Lost braces in \itemize; meant \describe ?
checkRd: (-1) plot.mjca.rd:66: Lost braces in \itemize; meant \describe ?
Flavors: r-devel-linux-x86_64-debian-clang, r-devel-linux-x86_64-debian-gcc