CRAN Package Check Results for Package cAIC4

Last updated on 2023-12-02 04:52:08 CET.

Flavor Version Tinstall Tcheck Ttotal Status Flags
r-devel-linux-x86_64-debian-clang 1.0 13.48 98.71 112.19 NOTE
r-devel-linux-x86_64-debian-gcc 1.0 10.63 77.17 87.80 NOTE
r-devel-linux-x86_64-fedora-clang 1.0 142.42 NOTE
r-devel-linux-x86_64-fedora-gcc 1.0 137.94 NOTE
r-devel-windows-x86_64 1.0 12.00 95.00 107.00 NOTE
r-patched-linux-x86_64 1.0 19.72 98.13 117.85 NOTE
r-release-linux-x86_64 1.0 9.77 99.90 109.67 NOTE
r-release-macos-arm64 1.0 47.00 NOTE
r-release-macos-x86_64 1.0 70.00 NOTE
r-release-windows-x86_64 1.0 14.00 112.00 126.00 NOTE
r-oldrel-macos-arm64 1.0 44.00 OK
r-oldrel-macos-x86_64 1.0 71.00 OK
r-oldrel-windows-x86_64 1.0 15.00 114.00 129.00 OK

Check Details

Version: 1.0
Check: Rd files
Result: NOTE checkRd: (-1) deleteZeroComponents.Rd:70: Escaped LaTeX specials: \& \& Flavors: r-devel-linux-x86_64-debian-clang, r-devel-linux-x86_64-debian-gcc, r-devel-linux-x86_64-fedora-clang, r-devel-linux-x86_64-fedora-gcc, r-devel-windows-x86_64, r-patched-linux-x86_64, r-release-linux-x86_64, r-release-macos-arm64, r-release-macos-x86_64, r-release-windows-x86_64