Last updated on 2023-12-08 05:01:59 CET.
Flavor | Version | Tinstall | Tcheck | Ttotal | Status | Flags |
---|---|---|---|---|---|---|
r-devel-linux-x86_64-debian-clang | 0.3.1 | 6.55 | 50.26 | 56.81 | NOTE | |
r-devel-linux-x86_64-debian-gcc | 0.3.1 | 5.25 | 38.13 | 43.38 | NOTE | |
r-devel-linux-x86_64-fedora-clang | 0.3.1 | 65.94 | NOTE | |||
r-devel-linux-x86_64-fedora-gcc | 0.3.1 | 66.59 | NOTE | |||
r-devel-windows-x86_64 | 0.3.1 | 6.00 | 55.00 | 61.00 | NOTE | |
r-patched-linux-x86_64 | 0.3.1 | 6.57 | 48.95 | 55.52 | NOTE | |
r-release-linux-x86_64 | 0.3.1 | 6.07 | 47.69 | 53.76 | NOTE | |
r-release-macos-arm64 | 0.3.1 | 23.00 | NOTE | |||
r-release-macos-x86_64 | 0.3.1 | 36.00 | NOTE | |||
r-release-windows-x86_64 | 0.3.1 | 9.00 | 63.00 | 72.00 | NOTE | |
r-oldrel-macos-arm64 | 0.3.1 | 24.00 | NOTE | |||
r-oldrel-macos-x86_64 | 0.3.1 | 33.00 | NOTE | |||
r-oldrel-windows-x86_64 | 0.3.1 | 8.00 | 64.00 | 72.00 | NOTE |
Version: 0.3.1
Check: LazyData
Result: NOTE
'LazyData' is specified without a 'data' directory
Flavors: r-devel-linux-x86_64-debian-clang, r-devel-linux-x86_64-debian-gcc, r-devel-linux-x86_64-fedora-clang, r-devel-linux-x86_64-fedora-gcc, r-devel-windows-x86_64, r-patched-linux-x86_64, r-release-linux-x86_64, r-release-macos-arm64, r-release-macos-x86_64, r-release-windows-x86_64, r-oldrel-macos-arm64, r-oldrel-macos-x86_64, r-oldrel-windows-x86_64