CRAN Package Check Results for Package businessPlanR

Last updated on 2024-02-24 04:58:37 CET.

Flavor Version Tinstall Tcheck Ttotal Status Flags
r-devel-linux-x86_64-debian-clang 0.1-0 9.74 65.04 74.78 NOTE
r-devel-linux-x86_64-debian-gcc 0.1-0 7.69 50.22 57.91 NOTE
r-devel-linux-x86_64-fedora-clang 0.1-0 93.79 OK
r-devel-linux-x86_64-fedora-gcc 0.1-0 101.11 OK
r-devel-windows-x86_64 0.1-0 9.00 78.00 87.00 OK
r-patched-linux-x86_64 0.1-0 9.84 64.43 74.27 OK
r-release-linux-x86_64 0.1-0 7.21 64.49 71.70 OK
r-release-macos-arm64 0.1-0 38.00 OK
r-release-macos-x86_64 0.1-0 58.00 OK
r-release-windows-x86_64 0.1-0 12.00 88.00 100.00 OK
r-oldrel-macos-arm64 0.1-0 36.00 OK
r-oldrel-windows-x86_64 0.1-0 13.00 88.00 101.00 OK

Check Details

Version: 0.1-0
Check: Rd files
Result: NOTE checkRd: (-1) depreciation-class.Rd:43: Lost braces in \itemize; meant \describe ? checkRd: (-1) depreciation-class.Rd:44: Lost braces in \itemize; meant \describe ? checkRd: (-1) depreciation-class.Rd:45: Lost braces in \itemize; meant \describe ? checkRd: (-1) depreciation-class.Rd:46-47: Lost braces in \itemize; meant \describe ? checkRd: (-1) loan-class.Rd:46-48: Lost braces in \itemize; meant \describe ? checkRd: (-1) loan-class.Rd:49: Lost braces in \itemize; meant \describe ? checkRd: (-1) loan-class.Rd:50-51: Lost braces in \itemize; meant \describe ? checkRd: (-1) model2df-methods.Rd:32-33: Lost braces in \itemize; meant \describe ? checkRd: (-1) model2df-methods.Rd:34-35: Lost braces in \itemize; meant \describe ? checkRd: (-1) model2df-methods.Rd:36-37: Lost braces in \itemize; meant \describe ? checkRd: (-1) model2df-methods.Rd:38-39: Lost braces in \itemize; meant \describe ? Flavors: r-devel-linux-x86_64-debian-clang, r-devel-linux-x86_64-debian-gcc