CRAN Package Check Results for Package btergm

Last updated on 2024-02-24 04:58:37 CET.

Flavor Version Tinstall Tcheck Ttotal Status Flags
r-devel-linux-x86_64-debian-clang 1.10.11 23.02 198.78 221.80 NOTE
r-devel-linux-x86_64-debian-gcc 1.10.11 13.42 145.16 158.58 NOTE
r-devel-linux-x86_64-fedora-clang 1.10.11 515.85 NOTE
r-devel-linux-x86_64-fedora-gcc 1.10.11 268.15 NOTE
r-devel-windows-x86_64 1.10.11 19.00 159.00 178.00 OK
r-patched-linux-x86_64 1.10.11 23.15 189.91 213.06 NOTE
r-release-linux-x86_64 1.10.11 16.14 184.49 200.63 NOTE
r-release-macos-arm64 1.10.11 132.00 OK
r-release-macos-x86_64 1.10.11 169.00 OK
r-release-windows-x86_64 1.10.11 23.00 201.00 224.00 OK
r-oldrel-macos-arm64 1.10.11 73.00 OK
r-oldrel-windows-x86_64 1.10.11 25.00 196.00 221.00 OK

Check Details

Version: 1.10.11
Check: Rd files
Result: NOTE checkRd: (-1) gof-statistics.Rd:192: Lost braces 192 | Users can create their own statistics for use with the code{gof} methods. To | ^ Flavors: r-devel-linux-x86_64-debian-clang, r-devel-linux-x86_64-debian-gcc, r-devel-linux-x86_64-fedora-clang, r-devel-linux-x86_64-fedora-gcc

Version: 1.10.11
Check: data for non-ASCII characters
Result: NOTE Note: found 89 marked UTF-8 strings Flavors: r-devel-linux-x86_64-fedora-clang, r-devel-linux-x86_64-fedora-gcc

Version: 1.10.11
Check: package dependencies
Result: NOTE Package suggested but not available for checking: ‘RSiena’ Flavors: r-patched-linux-x86_64, r-release-linux-x86_64