Last updated on 2023-11-29 04:57:16 CET.
Flavor | Version | Tinstall | Tcheck | Ttotal | Status | Flags |
---|---|---|---|---|---|---|
r-devel-linux-x86_64-debian-clang | 1.1 | 9.81 | 100.92 | 110.73 | NOTE | |
r-devel-linux-x86_64-debian-gcc | 1.1 | 8.39 | 75.35 | 83.74 | NOTE | |
r-devel-linux-x86_64-fedora-clang | 1.1 | 140.30 | NOTE | |||
r-devel-linux-x86_64-fedora-gcc | 1.1 | 134.18 | NOTE | |||
r-devel-windows-x86_64 | 1.1 | 11.00 | 96.00 | 107.00 | NOTE | |
r-patched-linux-x86_64 | 1.1 | 10.73 | 98.36 | 109.09 | OK | |
r-release-linux-x86_64 | 1.1 | 11.50 | 97.92 | 109.42 | OK | |
r-release-macos-arm64 | 1.1 | 42.00 | OK | |||
r-release-macos-x86_64 | 1.1 | 70.00 | OK | |||
r-release-windows-x86_64 | 1.1 | 14.00 | 111.00 | 125.00 | OK | |
r-oldrel-macos-arm64 | 1.1 | 46.00 | OK | |||
r-oldrel-macos-x86_64 | 1.1 | 93.00 | OK | |||
r-oldrel-windows-x86_64 | 1.1 | 14.00 | 114.00 | 128.00 | OK |
Version: 1.1
Check: Rd contents
Result: NOTE
Argument items with no description in Rd file 'plot.bshazard.Rd':
‘\dots’
Argument items with no description in Rd file 'print.bshazard.Rd':
‘\dots’
Argument items with no description in Rd file 'summary.bshazard.Rd':
‘\dots’
Flavors: r-devel-linux-x86_64-debian-clang, r-devel-linux-x86_64-debian-gcc, r-devel-linux-x86_64-fedora-clang, r-devel-linux-x86_64-fedora-gcc, r-devel-windows-x86_64