CRAN Package Check Results for Package bsam

Last updated on 2024-02-23 05:07:15 CET.

Flavor Version Tinstall Tcheck Ttotal Status Flags
r-devel-linux-x86_64-debian-clang 1.1.3 OK
r-devel-linux-x86_64-debian-gcc 1.1.3 10.66 76.78 87.44 OK
r-devel-linux-x86_64-fedora-clang 1.1.3 143.53 NOTE
r-devel-linux-x86_64-fedora-gcc 1.1.3 137.28 NOTE
r-devel-windows-x86_64 1.1.3 11.00 90.00 101.00 OK
r-patched-linux-x86_64 1.1.3 14.85 101.43 116.28 OK
r-release-linux-x86_64 1.1.3 13.46 99.89 113.35 OK
r-release-macos-arm64 1.1.3 44.00 OK
r-release-macos-x86_64 1.1.3 72.00 OK
r-release-windows-x86_64 1.1.3 15.00 107.00 122.00 OK
r-oldrel-macos-arm64 1.1.3 52.00 NOTE
r-oldrel-windows-x86_64 1.1.3 18.00 108.00 126.00 OK

Check Details

Version: 1.1.3
Check: dependencies in R code
Result: NOTE Namespaces in Imports field not imported from: ‘rworldxtra’ ‘sp’ All declared Imports should be used. Flavors: r-devel-linux-x86_64-fedora-clang, r-devel-linux-x86_64-fedora-gcc, r-oldrel-macos-arm64