Last updated on 2023-12-09 04:50:46 CET.
Flavor | Version | Tinstall | Tcheck | Ttotal | Status | Flags |
---|---|---|---|---|---|---|
r-devel-linux-x86_64-debian-clang | 1.14.0 | 11.61 | 274.19 | 285.80 | NOTE | |
r-devel-linux-x86_64-debian-gcc | 1.14.0 | 8.11 | 207.00 | 215.11 | NOTE | |
r-devel-linux-x86_64-fedora-clang | 1.14.0 | 381.19 | OK | |||
r-devel-linux-x86_64-fedora-gcc | 1.14.0 | 416.71 | OK | |||
r-devel-windows-x86_64 | 1.14.0 | 10.00 | 215.00 | 225.00 | OK | |
r-patched-linux-x86_64 | 1.14.0 | 11.18 | 257.71 | 268.89 | OK | |
r-release-linux-x86_64 | 1.14.0 | 6.76 | 261.83 | 268.59 | OK | |
r-release-macos-arm64 | 1.14.0 | 109.00 | OK | |||
r-release-macos-x86_64 | 1.14.0 | 226.00 | OK | |||
r-release-windows-x86_64 | 1.14.0 | 13.00 | 282.00 | 295.00 | OK | |
r-oldrel-macos-arm64 | 1.14.0 | 113.00 | OK | |||
r-oldrel-macos-x86_64 | 1.14.0 | 147.00 | OK | |||
r-oldrel-windows-x86_64 | 1.14.0 | 13.00 | 277.00 | 290.00 | OK |
Version: 1.14.0
Check: Rd files
Result: NOTE
checkRd: (-1) select_helpers.Rd:43: Lost braces; missing escapes or markup?
43 | Set of functions to supplement the {tidyselect} set of
| ^
Flavors: r-devel-linux-x86_64-debian-clang, r-devel-linux-x86_64-debian-gcc