CRAN Package Check Results for Package brickset

Last updated on 2024-06-14 05:58:17 CEST.

Flavor Version Tinstall Tcheck Ttotal Status Flags
r-devel-linux-x86_64-debian-clang 2024.0.0 5.58 44.73 50.31 OK
r-devel-linux-x86_64-debian-gcc 2024.0.0 0.25 1.56 1.81 ERROR
r-devel-linux-x86_64-fedora-clang 2024.0.0 62.94 NOTE
r-devel-linux-x86_64-fedora-gcc 2024.0.0 59.25 NOTE
r-devel-windows-x86_64 2024.0.0 7.00 55.00 62.00 OK
r-patched-linux-x86_64 2024.0.0 5.36 43.12 48.48 OK
r-release-linux-x86_64 2024.0.0 4.57 41.93 46.50 OK
r-release-macos-arm64 2024.0.0 23.00 OK
r-release-macos-x86_64 2024.0.0 38.00 OK
r-release-windows-x86_64 2024.0.0 6.00 54.00 60.00 OK
r-oldrel-macos-arm64 2024.0.0 30.00 OK
r-oldrel-macos-x86_64 2024.0.0 40.00 OK
r-oldrel-windows-x86_64 2024.0.0 7.00 61.00 68.00 OK

Check Details

Version: 2024.0.0
Check: package dependencies
Result: ERROR Packages required but not available: 'dplyr', 'piggyback' Package suggested but not available for checking: ‘ggplot2’ See section ‘The DESCRIPTION file’ in the ‘Writing R Extensions’ manual. Flavor: r-devel-linux-x86_64-debian-gcc

Version: 2024.0.0
Check: data for non-ASCII characters
Result: NOTE Note: found 108 marked UTF-8 strings Flavors: r-devel-linux-x86_64-fedora-clang, r-devel-linux-x86_64-fedora-gcc