Last updated on 2023-12-01 04:53:50 CET.
Flavor | Version | Tinstall | Tcheck | Ttotal | Status | Flags |
---|---|---|---|---|---|---|
r-devel-linux-x86_64-debian-clang | 0.8.4 | 164.18 | 175.67 | 339.85 | NOTE | |
r-devel-linux-x86_64-debian-gcc | 0.8.4 | 130.57 | 144.44 | 275.01 | NOTE | |
r-devel-linux-x86_64-fedora-clang | 0.8.4 | 447.77 | NOTE | |||
r-devel-linux-x86_64-fedora-gcc | 0.8.4 | 491.03 | NOTE | |||
r-devel-windows-x86_64 | 0.8.4 | 121.00 | 170.00 | 291.00 | NOTE | |
r-patched-linux-x86_64 | 0.8.4 | 108.82 | 187.87 | 296.69 | NOTE | |
r-release-linux-x86_64 | 0.8.4 | 0.02 | 1.78 | 1.80 | ERROR | |
r-release-macos-arm64 | 0.8.4 | 111.00 | NOTE | |||
r-release-macos-x86_64 | 0.8.4 | 169.00 | NOTE | |||
r-release-windows-x86_64 | 0.8.4 | 160.00 | 201.00 | 361.00 | NOTE | |
r-oldrel-macos-arm64 | 0.8.4 | 91.00 | NOTE | |||
r-oldrel-macos-x86_64 | 0.8.4 | 163.00 | NOTE | |||
r-oldrel-windows-x86_64 | 0.8.4 | 145.00 | 197.00 | 342.00 | NOTE |
Version: 0.8.4
Check: for GNU extensions in Makefiles
Result: NOTE
GNU make is a SystemRequirements.
Flavors: r-devel-linux-x86_64-debian-clang, r-devel-linux-x86_64-debian-gcc, r-devel-linux-x86_64-fedora-clang, r-devel-linux-x86_64-fedora-gcc, r-devel-windows-x86_64, r-patched-linux-x86_64, r-release-macos-arm64, r-release-macos-x86_64, r-release-windows-x86_64, r-oldrel-macos-arm64, r-oldrel-macos-x86_64, r-oldrel-windows-x86_64
Version: 0.8.4
Check: whether package can be installed
Result: ERROR
Installation failed.
Flavor: r-release-linux-x86_64
Version: 0.8.4
Check: installed package size
Result: NOTE
installed size is 34.9Mb
sub-directories of 1Mb or more:
libs 34.7Mb
Flavors: r-release-macos-arm64, r-release-macos-x86_64, r-oldrel-macos-arm64, r-oldrel-macos-x86_64