Last updated on 2023-12-10 04:55:52 CET.
Flavor | Version | Tinstall | Tcheck | Ttotal | Status | Flags |
---|---|---|---|---|---|---|
r-devel-linux-x86_64-debian-clang | 1.2.1.29 | 4.74 | 39.27 | 44.01 | OK | |
r-devel-linux-x86_64-debian-gcc | 1.2.1.29 | 3.89 | 30.97 | 34.86 | OK | |
r-devel-linux-x86_64-fedora-clang | 1.2.1.29 | 56.36 | NOTE | |||
r-devel-linux-x86_64-fedora-gcc | 1.2.1.29 | 54.13 | NOTE | |||
r-devel-windows-x86_64 | 1.2.1.29 | 5.00 | 52.00 | 57.00 | OK | |
r-patched-linux-x86_64 | 1.2.1.29 | 4.83 | 39.68 | 44.51 | OK | |
r-release-linux-x86_64 | 1.2.1.29 | 4.05 | 38.48 | 42.53 | OK | |
r-release-macos-arm64 | 1.2.1.29 | 21.00 | OK | |||
r-release-macos-x86_64 | 1.2.1.29 | 29.00 | OK | |||
r-release-windows-x86_64 | 1.2.1.29 | 6.00 | 55.00 | 61.00 | OK | |
r-oldrel-macos-arm64 | 1.2.1.29 | 22.00 | NOTE | |||
r-oldrel-macos-x86_64 | 1.2.1.29 | 37.00 | NOTE | |||
r-oldrel-windows-x86_64 | 1.2.1.29 | 7.00 | 60.00 | 67.00 | OK |
Version: 1.2.1.29
Check: dependencies in R code
Result: NOTE
Namespace in Imports field not imported from: ‘dplyr’
All declared Imports should be used.
Flavors: r-devel-linux-x86_64-fedora-clang, r-devel-linux-x86_64-fedora-gcc, r-oldrel-macos-arm64, r-oldrel-macos-x86_64