Last updated on 2023-12-06 04:55:45 CET.
Flavor | Version | Tinstall | Tcheck | Ttotal | Status | Flags |
---|---|---|---|---|---|---|
r-devel-linux-x86_64-debian-clang | 1.1.3 | 6.45 | 61.88 | 68.33 | NOTE | |
r-devel-linux-x86_64-debian-gcc | 1.1.3 | 4.70 | 47.24 | 51.94 | NOTE | |
r-devel-linux-x86_64-fedora-clang | 1.1.3 | 83.60 | NOTE | |||
r-devel-linux-x86_64-fedora-gcc | 1.1.3 | 90.69 | NOTE | |||
r-devel-windows-x86_64 | 1.1.3 | 8.00 | 75.00 | 83.00 | NOTE | |
r-patched-linux-x86_64 | 1.1.3 | 7.28 | 59.19 | 66.47 | OK | |
r-release-linux-x86_64 | 1.1.3 | 6.20 | 59.26 | 65.46 | OK | |
r-release-macos-arm64 | 1.1.3 | 56.00 | OK | |||
r-release-macos-x86_64 | 1.1.3 | 97.00 | OK | |||
r-release-windows-x86_64 | 1.1.3 | 9.00 | 83.00 | 92.00 | OK | |
r-oldrel-macos-arm64 | 1.1.3 | 45.00 | OK | |||
r-oldrel-macos-x86_64 | 1.1.3 | 43.00 | OK | |||
r-oldrel-windows-x86_64 | 1.1.3 | 9.00 | 78.00 | 87.00 | OK |
Version: 1.1.3
Check: Rd \usage sections
Result: NOTE
Documented arguments not in \usage in Rd file 'info.Rd':
‘mod_spec’ ‘pkg_spec’
Documented arguments not in \usage in Rd file 'path.Rd':
‘args’
Functions with \usage entries need to have the appropriate \alias
entries, and all their arguments documented.
The \usage entries must correspond to syntactically valid R code.
See chapter ‘Writing R documentation files’ in the ‘Writing R
Extensions’ manual.
Flavors: r-devel-linux-x86_64-debian-clang, r-devel-linux-x86_64-debian-gcc, r-devel-linux-x86_64-fedora-clang, r-devel-linux-x86_64-fedora-gcc, r-devel-windows-x86_64