Last updated on 2023-12-01 04:53:50 CET.
Flavor | Version | Tinstall | Tcheck | Ttotal | Status | Flags |
---|---|---|---|---|---|---|
r-devel-linux-x86_64-debian-clang | 1.0.2 | 54.57 | 108.55 | 163.12 | NOTE | |
r-devel-linux-x86_64-debian-gcc | 1.0.2 | 39.77 | 76.27 | 116.04 | NOTE | |
r-devel-linux-x86_64-fedora-clang | 1.0.2 | 214.23 | NOTE | |||
r-devel-linux-x86_64-fedora-gcc | 1.0.2 | 225.93 | NOTE | |||
r-devel-windows-x86_64 | 1.0.2 | 44.00 | 154.00 | 198.00 | NOTE | |
r-patched-linux-x86_64 | 1.0.2 | 48.77 | 100.47 | 149.24 | NOTE | |
r-release-linux-x86_64 | 1.0.2 | 46.73 | 101.70 | 148.43 | NOTE | |
r-release-macos-arm64 | 1.0.2 | 66.00 | NOTE | |||
r-release-macos-x86_64 | 1.0.2 | 151.00 | NOTE | |||
r-release-windows-x86_64 | 1.0.2 | 57.00 | 170.00 | 227.00 | NOTE | |
r-oldrel-macos-arm64 | 1.0.2 | 63.00 | NOTE | |||
r-oldrel-macos-x86_64 | 1.0.2 | 71.00 | NOTE | |||
r-oldrel-windows-x86_64 | 1.0.2 | 54.00 | 168.00 | 222.00 | NOTE |
Version: 1.0.2
Check: Rd \usage sections
Result: NOTE
Documented arguments not in \usage in Rd file 'check_inputs.Rd':
‘h_rs’
Functions with \usage entries need to have the appropriate \alias
entries, and all their arguments documented.
The \usage entries must correspond to syntactically valid R code.
See chapter ‘Writing R documentation files’ in the ‘Writing R
Extensions’ manual.
Flavors: r-devel-linux-x86_64-debian-clang, r-devel-linux-x86_64-debian-gcc, r-devel-linux-x86_64-fedora-clang, r-devel-linux-x86_64-fedora-gcc, r-devel-windows-x86_64
Version: 1.0.2
Check: for GNU extensions in Makefiles
Result: NOTE
GNU make is a SystemRequirements.
Flavors: r-devel-linux-x86_64-debian-clang, r-devel-linux-x86_64-debian-gcc, r-devel-linux-x86_64-fedora-clang, r-devel-linux-x86_64-fedora-gcc, r-devel-windows-x86_64, r-patched-linux-x86_64, r-release-linux-x86_64, r-release-macos-arm64, r-release-macos-x86_64, r-release-windows-x86_64, r-oldrel-macos-arm64, r-oldrel-macos-x86_64, r-oldrel-windows-x86_64
Version: 1.0.2
Check: installed package size
Result: NOTE
installed size is 5.4Mb
sub-directories of 1Mb or more:
libs 5.0Mb
Flavors: r-release-macos-arm64, r-release-macos-x86_64, r-oldrel-macos-arm64, r-oldrel-macos-x86_64