CRAN Package Check Results for Package boilerpipeR

Last updated on 2024-02-26 04:49:21 CET.

Flavor Version Tinstall Tcheck Ttotal Status Flags
r-devel-linux-x86_64-debian-clang 1.3.2 4.15 54.97 59.12 NOTE
r-devel-linux-x86_64-debian-gcc 1.3.2 2.58 42.97 45.55 NOTE
r-devel-linux-x86_64-fedora-clang 1.3.2 71.91 OK
r-devel-linux-x86_64-fedora-gcc 1.3.2 86.16 OK
r-devel-windows-x86_64 1.3.2 4.00 76.00 80.00 OK
r-patched-linux-x86_64 1.3.2 4.11 54.33 58.44 OK
r-release-linux-x86_64 1.3.2 4.23 54.29 58.52 OK
r-release-macos-arm64 1.3.2 36.00 OK
r-release-macos-x86_64 1.3.2 44.00 OK
r-release-windows-x86_64 1.3.2 4.00 75.00 79.00 OK
r-oldrel-macos-arm64 1.3.2 30.00 OK
r-oldrel-windows-x86_64 1.3.2 8.00 78.00 86.00 OK

Check Details

Version: 1.3.2
Check: Rd files
Result: NOTE checkRd: (-1) Extractor.Rd:13: Lost braces in \itemize; meant \describe ? checkRd: (-1) Extractor.Rd:14: Lost braces in \itemize; meant \describe ? checkRd: (-1) Extractor.Rd:15: Lost braces in \itemize; meant \describe ? checkRd: (-1) Extractor.Rd:16: Lost braces in \itemize; meant \describe ? checkRd: (-1) Extractor.Rd:17: Lost braces in \itemize; meant \describe ? checkRd: (-1) Extractor.Rd:18: Lost braces in \itemize; meant \describe ? checkRd: (-1) Extractor.Rd:19: Lost braces in \itemize; meant \describe ? Flavors: r-devel-linux-x86_64-debian-clang, r-devel-linux-x86_64-debian-gcc