Last updated on 2023-12-03 04:56:01 CET.
Flavor | Version | Tinstall | Tcheck | Ttotal | Status | Flags |
---|---|---|---|---|---|---|
r-devel-linux-x86_64-debian-clang | 1.3.15 | 301.83 | 151.85 | 453.68 | OK | |
r-devel-linux-x86_64-debian-gcc | 1.3.15 | 248.60 | 124.03 | 372.63 | OK | |
r-devel-linux-x86_64-fedora-clang | 1.3.15 | 563.13 | NOTE | |||
r-devel-linux-x86_64-fedora-gcc | 1.3.15 | 680.87 | NOTE | |||
r-devel-windows-x86_64 | 1.3.15 | 223.00 | 146.00 | 369.00 | OK | |
r-patched-linux-x86_64 | 1.3.15 | 206.91 | 161.13 | 368.04 | OK | |
r-release-linux-x86_64 | 1.3.15 | 204.42 | 157.65 | 362.07 | OK | |
r-release-macos-arm64 | 1.3.15 | 182.00 | NOTE | |||
r-release-macos-x86_64 | 1.3.15 | 259.00 | NOTE | |||
r-release-windows-x86_64 | 1.3.15 | 285.00 | 180.00 | 465.00 | OK | |
r-oldrel-macos-arm64 | 1.3.15 | 184.00 | NOTE | |||
r-oldrel-macos-x86_64 | 1.3.15 | 292.00 | NOTE | |||
r-oldrel-windows-x86_64 | 1.3.15 | 271.00 | 167.00 | 438.00 | OK |
Version: 1.3.15
Check: dependencies in R code
Result: NOTE
Namespaces in Imports field not imported from:
‘RcppParallel’ ‘rstantools’
All declared Imports should be used.
Flavors: r-devel-linux-x86_64-fedora-clang, r-devel-linux-x86_64-fedora-gcc
Version: 1.3.15
Check: for GNU extensions in Makefiles
Result: NOTE
GNU make is a SystemRequirements.
Flavors: r-devel-linux-x86_64-fedora-clang, r-devel-linux-x86_64-fedora-gcc, r-release-macos-arm64, r-release-macos-x86_64, r-oldrel-macos-arm64, r-oldrel-macos-x86_64
Version: 1.3.15
Check: installed package size
Result: NOTE
installed size is 50.4Mb
sub-directories of 1Mb or more:
libs 50.0Mb
Flavors: r-release-macos-arm64, r-release-macos-x86_64, r-oldrel-macos-arm64, r-oldrel-macos-x86_64