Last updated on 2023-11-29 04:57:15 CET.
Flavor | Version | Tinstall | Tcheck | Ttotal | Status | Flags |
---|---|---|---|---|---|---|
r-devel-linux-x86_64-debian-clang | 0.1.1 | 7.14 | 107.52 | 114.66 | NOTE | |
r-devel-linux-x86_64-debian-gcc | 0.1.1 | 5.71 | 79.38 | 85.09 | NOTE | |
r-devel-linux-x86_64-fedora-clang | 0.1.1 | 142.22 | OK | |||
r-devel-linux-x86_64-fedora-gcc | 0.1.1 | 138.20 | OK | |||
r-devel-windows-x86_64 | 0.1.1 | 7.00 | 97.00 | 104.00 | OK | |
r-patched-linux-x86_64 | 0.1.1 | 7.77 | 109.81 | 117.58 | OK | |
r-release-linux-x86_64 | 0.1.1 | 6.29 | 101.96 | 108.25 | OK | |
r-release-macos-arm64 | 0.1.1 | 54.00 | OK | |||
r-release-macos-x86_64 | 0.1.1 | 73.00 | NOTE | |||
r-release-windows-x86_64 | 0.1.1 | 11.00 | 123.00 | 134.00 | OK | |
r-oldrel-macos-arm64 | 0.1.1 | 49.00 | OK | |||
r-oldrel-macos-x86_64 | 0.1.1 | 67.00 | OK | |||
r-oldrel-windows-x86_64 | 0.1.1 | 10.00 | 122.00 | 132.00 | OK |
Version: 0.1.1
Check: Rd files
Result: NOTE
checkRd: (-1) estimate_density.Rd:25: Lost braces; missing escapes or markup?
25 | evenly spaced points between \code{min} and {max}.
| ^
Flavors: r-devel-linux-x86_64-debian-clang, r-devel-linux-x86_64-debian-gcc
Version: 0.1.1
Check: package dependencies
Result: NOTE
Package suggested but not available for checking: ‘reldist’
Flavor: r-release-macos-x86_64