CRAN Package Check Results for Package blockForest

Last updated on 2024-06-14 05:58:16 CEST.

Flavor Version Tinstall Tcheck Ttotal Status Flags
r-devel-linux-x86_64-debian-clang 0.2.6 113.60 105.19 218.79 OK
r-devel-linux-x86_64-debian-gcc 0.2.6 83.26 62.28 145.54 ERROR
r-devel-linux-x86_64-fedora-clang 0.2.6 332.51 OK
r-devel-linux-x86_64-fedora-gcc 0.2.6 318.80 OK
r-devel-windows-x86_64 0.2.6 94.00 115.00 209.00 OK
r-patched-linux-x86_64 0.2.6 99.92 101.15 201.07 OK
r-release-linux-x86_64 0.2.6 106.91 98.26 205.17 OK
r-release-macos-arm64 0.2.6 73.00 NOTE
r-release-macos-x86_64 0.2.6 96.00 NOTE
r-release-windows-x86_64 0.2.6 92.00 117.00 209.00 OK
r-oldrel-macos-arm64 0.2.6 84.00 NOTE
r-oldrel-macos-x86_64 0.2.6 135.00 NOTE
r-oldrel-windows-x86_64 0.2.6 113.00 147.00 260.00 OK

Check Details

Version: 0.2.6
Check: package dependencies
Result: NOTE Package suggested but not available for checking: ‘testthat’ Flavor: r-devel-linux-x86_64-debian-gcc

Version: 0.2.6
Check: tests
Result: ERROR Running ‘testthat.R’ [0s/1s] Running the tests in ‘tests/testthat.R’ failed. Complete output: > library(testthat) Error in library(testthat) : there is no package called 'testthat' Execution halted Flavor: r-devel-linux-x86_64-debian-gcc

Version: 0.2.6
Check: installed package size
Result: NOTE installed size is 7.0Mb sub-directories of 1Mb or more: libs 6.6Mb Flavors: r-release-macos-arm64, r-release-macos-x86_64, r-oldrel-macos-arm64, r-oldrel-macos-x86_64