Last updated on 2023-12-02 04:52:07 CET.
Flavor | Version | Tinstall | Tcheck | Ttotal | Status | Flags |
---|---|---|---|---|---|---|
r-devel-linux-x86_64-debian-clang | 0.2.6 | 119.02 | 106.99 | 226.01 | OK | |
r-devel-linux-x86_64-debian-gcc | 0.2.6 | 79.53 | 82.41 | 161.94 | OK | |
r-devel-linux-x86_64-fedora-clang | 0.2.6 | 330.89 | OK | |||
r-devel-linux-x86_64-fedora-gcc | 0.2.6 | 318.75 | OK | |||
r-devel-windows-x86_64 | 0.2.6 | 94.00 | 120.00 | 214.00 | OK | |
r-patched-linux-x86_64 | 0.2.6 | 101.56 | 104.67 | 206.23 | OK | |
r-release-linux-x86_64 | 0.2.6 | 93.35 | 104.21 | 197.56 | OK | |
r-release-macos-arm64 | 0.2.6 | 84.00 | NOTE | |||
r-release-macos-x86_64 | 0.2.6 | 135.00 | NOTE | |||
r-release-windows-x86_64 | 0.2.6 | 116.00 | 140.00 | 256.00 | OK | |
r-oldrel-macos-arm64 | 0.2.6 | 78.00 | NOTE | |||
r-oldrel-macos-x86_64 | 0.2.6 | 95.00 | NOTE | |||
r-oldrel-windows-x86_64 | 0.2.6 | 103.00 | 134.00 | 237.00 | OK |
Version: 0.2.6
Check: installed package size
Result: NOTE
installed size is 7.4Mb
sub-directories of 1Mb or more:
libs 7.0Mb
Flavors: r-release-macos-arm64, r-release-macos-x86_64, r-oldrel-macos-arm64, r-oldrel-macos-x86_64