Last updated on 2023-12-08 05:01:59 CET.
Flavor | Version | Tinstall | Tcheck | Ttotal | Status | Flags |
---|---|---|---|---|---|---|
r-devel-linux-x86_64-debian-clang | 1.0.4 | 53.11 | 126.07 | 179.18 | NOTE | |
r-devel-linux-x86_64-debian-gcc | 1.0.4 | 34.69 | 103.28 | 137.97 | NOTE | |
r-devel-linux-x86_64-fedora-clang | 1.0.4 | 230.59 | NOTE | |||
r-devel-linux-x86_64-fedora-gcc | 1.0.4 | 259.45 | NOTE | |||
r-devel-windows-x86_64 | 1.0.4 | 40.00 | 174.00 | 214.00 | NOTE | |
r-patched-linux-x86_64 | 1.0.4 | 43.69 | 130.22 | 173.91 | NOTE | |
r-release-linux-x86_64 | 1.0.4 | 46.85 | 134.41 | 181.26 | NOTE | |
r-release-macos-arm64 | 1.0.4 | 96.00 | NOTE | |||
r-release-macos-x86_64 | 1.0.4 | 169.00 | NOTE | |||
r-release-windows-x86_64 | 1.0.4 | 53.00 | 202.00 | 255.00 | NOTE | |
r-oldrel-macos-arm64 | 1.0.4 | 93.00 | NOTE | |||
r-oldrel-macos-x86_64 | 1.0.4 | 124.00 | NOTE | |||
r-oldrel-windows-x86_64 | 1.0.4 | 47.00 | 201.00 | 248.00 | NOTE |
Version: 1.0.4
Check: C++ specification
Result: NOTE
Specified C++11: please drop specification unless essential
Flavors: r-devel-linux-x86_64-debian-clang, r-devel-linux-x86_64-debian-gcc, r-devel-linux-x86_64-fedora-clang, r-devel-linux-x86_64-fedora-gcc, r-devel-windows-x86_64, r-patched-linux-x86_64, r-release-linux-x86_64, r-release-macos-arm64, r-release-macos-x86_64, r-release-windows-x86_64
Version: 1.0.4
Check: installed package size
Result: NOTE
installed size is 5.1Mb
sub-directories of 1Mb or more:
data 3.5Mb
Flavors: r-devel-linux-x86_64-fedora-clang, r-devel-windows-x86_64, r-release-macos-arm64, r-release-macos-x86_64, r-release-windows-x86_64, r-oldrel-macos-arm64, r-oldrel-macos-x86_64, r-oldrel-windows-x86_64
Version: 1.0.4
Check: dependencies in R code
Result: NOTE
Namespace in Imports field not imported from: ‘RcppArmadillo’
All declared Imports should be used.
Flavors: r-devel-linux-x86_64-fedora-clang, r-devel-linux-x86_64-fedora-gcc, r-oldrel-macos-x86_64