Last updated on 2023-11-28 04:57:12 CET.
Flavor | Version | Tinstall | Tcheck | Ttotal | Status | Flags |
---|---|---|---|---|---|---|
r-devel-linux-x86_64-debian-clang | 0.5.1 | 17.52 | 64.39 | 81.91 | OK | |
r-devel-linux-x86_64-debian-gcc | 0.5.1 | 13.17 | 47.92 | 61.09 | OK | |
r-devel-linux-x86_64-fedora-clang | 0.5.1 | 101.53 | NOTE | |||
r-devel-linux-x86_64-fedora-gcc | 0.5.1 | 125.37 | NOTE | |||
r-devel-windows-x86_64 | 0.5.1 | 15.00 | 72.00 | 87.00 | OK | |
r-patched-linux-x86_64 | 0.5.1 | 14.06 | 60.80 | 74.86 | OK | |
r-release-linux-x86_64 | 0.5.1 | 16.37 | 61.10 | 77.47 | OK | |
r-release-macos-arm64 | 0.5.1 | 56.00 | OK | |||
r-release-macos-x86_64 | 0.5.1 | 80.00 | OK | |||
r-release-windows-x86_64 | 0.5.1 | 23.00 | 81.00 | 104.00 | OK | |
r-oldrel-macos-arm64 | 0.5.1 | 48.00 | NOTE | |||
r-oldrel-macos-x86_64 | 0.5.1 | 81.00 | NOTE | |||
r-oldrel-windows-x86_64 | 0.5.1 | 23.00 | 83.00 | 106.00 | OK |
Version: 0.5.1
Check: dependencies in R code
Result: NOTE
Namespaces in Imports field not imported from:
‘R6’ ‘knitr’
All declared Imports should be used.
Flavors: r-devel-linux-x86_64-fedora-clang, r-devel-linux-x86_64-fedora-gcc, r-oldrel-macos-arm64, r-oldrel-macos-x86_64