Last updated on 2023-10-01 05:53:06 CEST.
Flavor | Version | Tinstall | Tcheck | Ttotal | Status | Flags |
---|---|---|---|---|---|---|
r-devel-linux-x86_64-debian-clang | 1.0.13 | 6.04 | 93.03 | 99.07 | OK | |
r-devel-linux-x86_64-debian-gcc | 1.0.13 | 5.12 | 68.54 | 73.66 | OK | |
r-devel-linux-x86_64-fedora-clang | 1.0.13 | 122.84 | NOTE | |||
r-devel-linux-x86_64-fedora-gcc | 1.0.13 | 134.24 | OK | |||
r-devel-windows-x86_64 | 1.0.13 | 12.00 | 148.00 | 160.00 | OK | |
r-patched-linux-x86_64 | 1.0.13 | 5.81 | 90.92 | 96.73 | OK | |
r-release-linux-x86_64 | 1.0.13 | 6.48 | 92.64 | 99.12 | OK | |
r-release-macos-arm64 | 1.0.13 | 47.00 | OK | |||
r-release-macos-x86_64 | 1.0.13 | 77.00 | OK | |||
r-release-windows-x86_64 | 1.0.13 | 14.00 | 170.00 | 184.00 | OK | |
r-oldrel-macos-arm64 | 1.0.13 | 41.00 | OK | |||
r-oldrel-macos-x86_64 | 1.0.13 | 80.00 | OK | |||
r-oldrel-windows-x86_64 | 1.0.13 | 13.00 | 150.00 | 163.00 | OK |
Version: 1.0.13
Check: package dependencies
Result: NOTE
Package suggested but not available for checking: ‘RQuantLib’
Flavor: r-devel-linux-x86_64-fedora-clang