Last updated on 2023-12-04 05:08:59 CET.
Flavor | Version | Tinstall | Tcheck | Ttotal | Status | Flags |
---|---|---|---|---|---|---|
r-devel-linux-x86_64-debian-clang | 1.1.2 | 233.93 | 183.89 | 417.82 | NOTE | |
r-devel-linux-x86_64-debian-gcc | 1.1.2 | 176.90 | 145.26 | 322.16 | NOTE | |
r-devel-linux-x86_64-fedora-clang | 1.1.2 | 512.99 | NOTE | |||
r-devel-linux-x86_64-fedora-gcc | 1.1.2 | 602.63 | NOTE | |||
r-devel-windows-x86_64 | 1.1.2 | 164.00 | 180.00 | 344.00 | NOTE | |
r-patched-linux-x86_64 | 1.1.2 | 157.06 | 188.72 | 345.78 | NOTE | |
r-release-linux-x86_64 | 1.1.2 | 152.35 | 191.10 | 343.45 | NOTE | |
r-release-macos-arm64 | 1.1.2 | 249.00 | NOTE | |||
r-release-macos-x86_64 | 1.1.2 | 546.00 | NOTE | |||
r-release-windows-x86_64 | 1.1.2 | 206.00 | 222.00 | 428.00 | NOTE | |
r-oldrel-macos-arm64 | 1.1.1 | 133.00 | NOTE | |||
r-oldrel-macos-x86_64 | 1.1.1 | 207.00 | NOTE | |||
r-oldrel-windows-x86_64 | 1.1.1 | 171.00 | 184.00 | 355.00 | NOTE |
Version: 1.1.2
Check: for GNU extensions in Makefiles
Result: NOTE
GNU make is a SystemRequirements.
Flavors: r-devel-linux-x86_64-debian-clang, r-devel-linux-x86_64-debian-gcc, r-devel-linux-x86_64-fedora-clang, r-devel-linux-x86_64-fedora-gcc, r-devel-windows-x86_64, r-patched-linux-x86_64, r-release-linux-x86_64, r-release-macos-arm64, r-release-macos-x86_64, r-release-windows-x86_64
Version: 1.1.2
Check: installed package size
Result: NOTE
installed size is 45.1Mb
sub-directories of 1Mb or more:
libs 44.1Mb
Flavors: r-release-macos-arm64, r-release-macos-x86_64
Version: 1.1.1
Check: installed package size
Result: NOTE
installed size is 38.6Mb
sub-directories of 1Mb or more:
libs 37.6Mb
Flavors: r-oldrel-macos-arm64, r-oldrel-macos-x86_64
Version: 1.1.1
Check: dependencies in R code
Result: NOTE
Namespaces in Imports field not imported from:
‘RcppParallel’ ‘magrittr’
All declared Imports should be used.
Flavors: r-oldrel-macos-arm64, r-oldrel-macos-x86_64
Version: 1.1.1
Check: for GNU extensions in Makefiles
Result: NOTE
GNU make is a SystemRequirements.
Flavors: r-oldrel-macos-arm64, r-oldrel-macos-x86_64, r-oldrel-windows-x86_64