Last updated on 2023-10-01 05:53:06 CEST.
Flavor | Version | Tinstall | Tcheck | Ttotal | Status | Flags |
---|---|---|---|---|---|---|
r-devel-linux-x86_64-debian-clang | 1.0.0 | 3.37 | 46.35 | 49.72 | OK | |
r-devel-linux-x86_64-debian-gcc | 1.0.0 | 2.84 | 35.23 | 38.07 | OK | |
r-devel-linux-x86_64-fedora-clang | 1.0.0 | 60.56 | NOTE | |||
r-devel-linux-x86_64-fedora-gcc | 1.0.0 | 72.72 | NOTE | |||
r-devel-windows-x86_64 | 1.0.0 | 5.00 | 60.00 | 65.00 | OK | |
r-patched-linux-x86_64 | 1.0.0 | 8.09 | 43.86 | 51.95 | OK | |
r-release-linux-x86_64 | 1.0.0 | 2.60 | 44.65 | 47.25 | OK | |
r-release-macos-arm64 | 1.0.0 | 36.00 | OK | |||
r-release-macos-x86_64 | 1.0.0 | 49.00 | OK | |||
r-release-windows-x86_64 | 1.0.0 | 7.00 | 63.00 | 70.00 | OK | |
r-oldrel-macos-arm64 | 1.0.0 | 26.00 | NOTE | |||
r-oldrel-macos-x86_64 | 1.0.0 | 33.00 | NOTE | |||
r-oldrel-windows-x86_64 | 1.0.0 | 7.00 | 66.00 | 73.00 | OK |
Version: 1.0.0
Check: dependencies in R code
Result: NOTE
Namespaces in Imports field not imported from:
‘stats’ ‘utils’
All declared Imports should be used.
Flavors: r-devel-linux-x86_64-fedora-clang, r-devel-linux-x86_64-fedora-gcc, r-oldrel-macos-arm64, r-oldrel-macos-x86_64