Last updated on 2023-11-30 04:52:45 CET.
Flavor | Version | Tinstall | Tcheck | Ttotal | Status | Flags |
---|---|---|---|---|---|---|
r-devel-linux-x86_64-debian-clang | 0.1.9 | 10.03 | 74.21 | 84.24 | OK | |
r-devel-linux-x86_64-debian-gcc | 0.1.9 | 7.28 | 57.78 | 65.06 | OK | |
r-devel-linux-x86_64-fedora-clang | 0.1.9 | 102.84 | NOTE | |||
r-devel-linux-x86_64-fedora-gcc | 0.1.9 | 98.64 | OK | |||
r-devel-windows-x86_64 | 0.1.9 | 9.00 | 79.00 | 88.00 | NOTE | |
r-patched-linux-x86_64 | 0.1.9 | 12.42 | 73.68 | 86.10 | OK | |
r-release-linux-x86_64 | 0.1.9 | 7.47 | 74.85 | 82.32 | OK | |
r-release-macos-arm64 | 0.1.9 | 40.00 | NOTE | |||
r-release-macos-x86_64 | 0.1.9 | 88.00 | NOTE | |||
r-release-windows-x86_64 | 0.1.9 | 11.00 | 91.00 | 102.00 | NOTE | |
r-oldrel-macos-arm64 | 0.1.9 | 41.00 | NOTE | |||
r-oldrel-macos-x86_64 | 0.1.8 | 48.00 | NOTE | |||
r-oldrel-windows-x86_64 | 0.1.9 | 11.00 | 92.00 | 103.00 | NOTE |
Version: 0.1.9
Check: installed package size
Result: NOTE
installed size is 6.1Mb
sub-directories of 1Mb or more:
doc 5.6Mb
Flavors: r-devel-linux-x86_64-fedora-clang, r-devel-windows-x86_64, r-release-macos-arm64, r-release-macos-x86_64, r-release-windows-x86_64, r-oldrel-macos-arm64, r-oldrel-windows-x86_64
Version: 0.1.8
Check: installed package size
Result: NOTE
installed size is 6.1Mb
sub-directories of 1Mb or more:
doc 5.5Mb
Flavor: r-oldrel-macos-x86_64