Last updated on 2023-11-29 04:57:15 CET.
Flavor | Version | Tinstall | Tcheck | Ttotal | Status | Flags |
---|---|---|---|---|---|---|
r-devel-linux-x86_64-debian-clang | 1.0.0 | 44.24 | 245.42 | 289.66 | OK | |
r-devel-linux-x86_64-debian-gcc | 1.0.0 | 31.60 | 179.95 | 211.55 | OK | |
r-devel-linux-x86_64-fedora-clang | 1.0.0 | 379.16 | NOTE | |||
r-devel-linux-x86_64-fedora-gcc | 1.0.0 | 359.27 | OK | |||
r-devel-windows-x86_64 | 1.0.0 | 36.00 | 207.00 | 243.00 | NOTE | |
r-patched-linux-x86_64 | 1.0.0 | 36.02 | 231.48 | 267.50 | OK | |
r-release-linux-x86_64 | 1.0.0 | 41.63 | 237.87 | 279.50 | OK | |
r-release-macos-arm64 | 1.0.0 | 110.00 | OK | |||
r-release-macos-x86_64 | 1.0.0 | 286.00 | OK | |||
r-release-windows-x86_64 | 1.0.0 | 50.00 | 260.00 | 310.00 | NOTE | |
r-oldrel-macos-arm64 | 1.0.0 | 89.00 | OK | |||
r-oldrel-macos-x86_64 | 1.0.0 | 132.00 | OK | |||
r-oldrel-windows-x86_64 | 1.0.0 | 47.00 | 251.00 | 298.00 | NOTE |
Version: 1.0.0
Check: Rd cross-references
Result: NOTE
Undeclared package ‘vegan’ in Rd xrefs
Flavor: r-devel-linux-x86_64-fedora-clang
Version: 1.0.0
Check: installed package size
Result: NOTE
installed size is 5.1Mb
sub-directories of 1Mb or more:
data 1.7Mb
doc 1.1Mb
help 1.0Mb
libs 1.0Mb
Flavors: r-devel-windows-x86_64, r-release-windows-x86_64, r-oldrel-windows-x86_64