Last updated on 2023-12-10 04:55:52 CET.
Flavor | Version | Tinstall | Tcheck | Ttotal | Status | Flags |
---|---|---|---|---|---|---|
r-devel-linux-x86_64-debian-clang | 0.2.8 | 108.79 | 66.72 | 175.51 | NOTE | |
r-devel-linux-x86_64-debian-gcc | 0.2.8 | 82.33 | 50.02 | 132.35 | NOTE | |
r-devel-linux-x86_64-fedora-clang | 0.2.8 | 298.85 | NOTE | |||
r-devel-linux-x86_64-fedora-gcc | 0.2.8 | 297.81 | NOTE | |||
r-devel-windows-x86_64 | 0.2.8 | 95.00 | 93.00 | 188.00 | NOTE | |
r-patched-linux-x86_64 | 0.2.8 | 104.17 | 64.93 | 169.10 | NOTE | |
r-release-linux-x86_64 | 0.2.8 | 102.19 | 63.22 | 165.41 | NOTE | |
r-release-macos-arm64 | 0.2.8 | 79.00 | NOTE | |||
r-release-macos-x86_64 | 0.2.8 | 303.00 | NOTE | |||
r-release-windows-x86_64 | 0.2.8 | 116.00 | 110.00 | 226.00 | NOTE | |
r-oldrel-macos-arm64 | 0.2.8 | 67.00 | NOTE | |||
r-oldrel-macos-x86_64 | 0.2.8 | 84.00 | NOTE | |||
r-oldrel-windows-x86_64 | 0.2.8 | 104.00 | 104.00 | 208.00 | OK |
Version: 0.2.8
Check: C++ specification
Result: NOTE
Specified C++11: please drop specification unless essential
Flavors: r-devel-linux-x86_64-debian-clang, r-devel-linux-x86_64-debian-gcc, r-devel-linux-x86_64-fedora-clang, r-devel-linux-x86_64-fedora-gcc, r-devel-windows-x86_64, r-patched-linux-x86_64, r-release-linux-x86_64, r-release-macos-arm64, r-release-macos-x86_64, r-release-windows-x86_64
Version: 0.2.8
Check: installed package size
Result: NOTE
installed size is 6.0Mb
sub-directories of 1Mb or more:
libs 4.6Mb
Flavors: r-release-macos-arm64, r-release-macos-x86_64, r-oldrel-macos-arm64, r-oldrel-macos-x86_64