CRAN Package Check Results for Package binspp

Last updated on 2024-02-26 04:49:21 CET.

Flavor Version Tinstall Tcheck Ttotal Status Flags
r-devel-linux-x86_64-debian-clang 0.1.26 101.96 131.82 233.78 OK
r-devel-linux-x86_64-debian-gcc 0.1.26 78.39 100.48 178.87 OK
r-devel-linux-x86_64-fedora-clang 0.1.26 316.78 OK
r-devel-linux-x86_64-fedora-gcc 0.1.26 321.99 OK
r-devel-windows-x86_64 0.1.26 80.00 144.00 224.00 OK
r-patched-linux-x86_64 0.1.26 79.01 131.56 210.57 OK
r-release-linux-x86_64 0.1.26 75.70 133.82 209.52 OK
r-release-macos-arm64 0.1.26 88.00 NOTE
r-release-macos-x86_64 0.1.26 142.00 NOTE
r-release-windows-x86_64 0.1.26 104.00 172.00 276.00 OK
r-oldrel-macos-arm64 0.1.26 83.00 NOTE
r-oldrel-windows-x86_64 0.1.26 94.00 172.00 266.00 OK

Check Details

Version: 0.1.26
Check: installed package size
Result: NOTE installed size is 5.7Mb sub-directories of 1Mb or more: data 1.1Mb libs 4.4Mb Flavors: r-release-macos-arm64, r-release-macos-x86_64, r-oldrel-macos-arm64