CRAN Package Check Results for Package binGroup2

Last updated on 2024-03-02 04:48:17 CET.

Flavor Version Tinstall Tcheck Ttotal Status Flags
r-devel-linux-x86_64-debian-clang 1.3.1 101.42 185.18 286.60 OK
r-devel-linux-x86_64-debian-gcc 1.3.1 73.85 136.92 210.77 OK
r-devel-linux-x86_64-fedora-clang 1.3.1 364.15 OK
r-devel-linux-x86_64-fedora-gcc 1.3.1 363.80 OK
r-devel-windows-x86_64 1.3.1 69.00 172.00 241.00 OK
r-patched-linux-x86_64 1.3.1 87.51 184.46 271.97 OK
r-release-linux-x86_64 1.3.1 88.66 182.57 271.23 OK
r-release-macos-arm64 1.3.1 86.00 NOTE
r-release-macos-x86_64 1.3.1 241.00 NOTE
r-release-windows-x86_64 1.3.1 92.00 213.00 305.00 OK
r-oldrel-macos-arm64 1.3.1 80.00 NOTE
r-oldrel-windows-x86_64 1.3.1 91.00 193.00 284.00 OK

Check Details

Version: 1.3.1
Check: installed package size
Result: NOTE installed size is 5.7Mb sub-directories of 1Mb or more: libs 4.6Mb Flavors: r-release-macos-arm64, r-release-macos-x86_64, r-oldrel-macos-arm64