Last updated on 2023-12-04 05:08:59 CET.
Flavor | Version | Tinstall | Tcheck | Ttotal | Status | Flags |
---|---|---|---|---|---|---|
r-devel-linux-x86_64-debian-clang | 0.3.2 | 104.81 | 60.85 | 165.66 | OK | |
r-devel-linux-x86_64-debian-gcc | 0.3.2 | 78.10 | 46.10 | 124.20 | OK | |
r-devel-linux-x86_64-fedora-clang | 0.3.2 | 212.51 | OK | |||
r-devel-linux-x86_64-fedora-gcc | 0.3.2 | 246.43 | OK | |||
r-devel-windows-x86_64 | 0.3.2 | 79.00 | 90.00 | 169.00 | OK | |
r-patched-linux-x86_64 | 0.3.2 | 79.86 | 58.49 | 138.35 | OK | |
r-release-linux-x86_64 | 0.3.2 | 93.42 | 57.33 | 150.75 | OK | |
r-release-macos-arm64 | 0.3.2 | 83.00 | NOTE | |||
r-release-macos-x86_64 | 0.3.2 | 145.00 | NOTE | |||
r-release-windows-x86_64 | 0.3.2 | 99.00 | 106.00 | 205.00 | OK | |
r-oldrel-macos-arm64 | 0.3.2 | 64.00 | NOTE | |||
r-oldrel-macos-x86_64 | 0.3.2 | 75.00 | NOTE | |||
r-oldrel-windows-x86_64 | 0.3.2 | 90.00 | 100.00 | 190.00 | OK |
Version: 0.3.2
Check: installed package size
Result: NOTE
installed size is 9.2Mb
sub-directories of 1Mb or more:
libs 9.0Mb
Flavors: r-release-macos-arm64, r-release-macos-x86_64, r-oldrel-macos-arm64, r-oldrel-macos-x86_64