CRAN Package Check Results for Package bigSurvSGD

Last updated on 2023-12-10 04:55:52 CET.

Flavor Version Tinstall Tcheck Ttotal Status Flags
r-devel-linux-x86_64-debian-clang 0.0.1 44.85 35.37 80.22 OK
r-devel-linux-x86_64-debian-gcc 0.0.1 26.09 27.59 53.68 OK
r-devel-linux-x86_64-fedora-clang 0.0.1 117.98 NOTE
r-devel-linux-x86_64-fedora-gcc 0.0.1 108.05 NOTE
r-devel-windows-x86_64 0.0.1 34.00 77.00 111.00 OK
r-patched-linux-x86_64 0.0.1 36.54 34.66 71.20 OK
r-release-linux-x86_64 0.0.1 33.52 34.94 68.46 OK
r-release-macos-arm64 0.0.1 35.00 OK
r-release-macos-x86_64 0.0.1 50.00 OK
r-release-windows-x86_64 0.0.1 44.00 73.00 117.00 OK
r-oldrel-macos-arm64 0.0.1 33.00 NOTE
r-oldrel-macos-x86_64 0.0.1 41.00 NOTE
r-oldrel-windows-x86_64 0.0.1 39.00 74.00 113.00 OK

Check Details

Version: 0.0.1
Check: dependencies in R code
Result: NOTE Namespace in Imports field not imported from: ‘survival’ All declared Imports should be used. Flavors: r-devel-linux-x86_64-fedora-clang, r-devel-linux-x86_64-fedora-gcc, r-oldrel-macos-arm64, r-oldrel-macos-x86_64