CRAN Package Check Results for Package bigQF

Last updated on 2024-02-24 04:58:37 CET.

Flavor Version Tinstall Tcheck Ttotal Status Flags
r-devel-linux-x86_64-debian-clang 1.6 11.55 175.39 186.94 NOTE
r-devel-linux-x86_64-debian-gcc 1.6 8.60 134.63 143.23 NOTE
r-devel-linux-x86_64-fedora-clang 1.6 223.65 OK
r-devel-linux-x86_64-fedora-gcc 1.6 236.44 OK
r-devel-windows-x86_64 1.6 12.00 156.00 168.00 OK
r-patched-linux-x86_64 1.6 14.17 167.55 181.72 OK
r-release-linux-x86_64 1.6 12.37 168.27 180.64 OK
r-release-macos-arm64 1.6 104.00 OK
r-release-macos-x86_64 1.6 161.00 OK
r-release-windows-x86_64 1.6 16.00 183.00 199.00 OK
r-oldrel-macos-arm64 1.6 86.00 OK
r-oldrel-windows-x86_64 1.6 16.00 180.00 196.00 OK

Check Details

Version: 1.6
Check: Rd files
Result: NOTE checkRd: (-1) pQF.Rd:30: Lost braces; missing escapes or markup? 30 | When \code{M} is not square, a randomised estimator for the trace of \code{crossprod(M)^2} is used. This is the sample size. When \code{M} is of \code{"matrixfree"} and does not include the trace of {crossprod(M)} as a component, this sample size will also be used to compute that. See Hutchinson reference. } | ^ Flavors: r-devel-linux-x86_64-debian-clang, r-devel-linux-x86_64-debian-gcc