Last updated on 2023-12-07 04:56:17 CET.
Flavor | Version | Tinstall | Tcheck | Ttotal | Status | Flags |
---|---|---|---|---|---|---|
r-devel-linux-x86_64-debian-clang | 0.2.3 | 10.31 | 165.37 | 175.68 | OK | |
r-devel-linux-x86_64-debian-gcc | 0.2.3 | 8.33 | 118.01 | 126.34 | OK | |
r-devel-linux-x86_64-fedora-clang | 0.2.3 | 230.92 | NOTE | |||
r-devel-linux-x86_64-fedora-gcc | 0.2.3 | 220.68 | NOTE | |||
r-devel-windows-x86_64 | 0.2.3 | 10.00 | 132.00 | 142.00 | OK | |
r-patched-linux-x86_64 | 0.2.3 | 10.48 | 153.67 | 164.15 | OK | |
r-release-linux-x86_64 | 0.2.3 | 10.04 | 156.10 | 166.14 | OK | |
r-release-macos-arm64 | 0.2.3 | 68.00 | OK | |||
r-release-macos-x86_64 | 0.2.3 | 115.00 | OK | |||
r-release-windows-x86_64 | 0.2.3 | 14.00 | 170.00 | 184.00 | OK | |
r-oldrel-macos-arm64 | 0.2.3 | 60.00 | NOTE | |||
r-oldrel-macos-x86_64 | 0.2.3 | 114.00 | NOTE | |||
r-oldrel-windows-x86_64 | 0.2.3 | 13.00 | 169.00 | 182.00 | OK |
Version: 0.2.3
Check: dependencies in R code
Result: NOTE
Namespace in Imports field not imported from: ‘nycflights13’
All declared Imports should be used.
Flavors: r-devel-linux-x86_64-fedora-clang, r-devel-linux-x86_64-fedora-gcc, r-oldrel-macos-arm64, r-oldrel-macos-x86_64