Last updated on 2023-12-04 05:08:59 CET.
Flavor | Version | Tinstall | Tcheck | Ttotal | Status | Flags |
---|---|---|---|---|---|---|
r-devel-linux-x86_64-debian-clang | 1.2.0 | 186.89 | 192.87 | 379.76 | NOTE | |
r-devel-linux-x86_64-debian-gcc | 1.2.0 | 123.12 | 132.96 | 256.08 | NOTE | |
r-devel-linux-x86_64-fedora-clang | 1.2.0 | 547.24 | NOTE | |||
r-devel-linux-x86_64-fedora-gcc | 1.2.0 | 500.10 | NOTE | |||
r-devel-windows-x86_64 | 1.2.0 | 136.00 | 191.00 | 327.00 | NOTE | |
r-patched-linux-x86_64 | 1.2.0 | 118.43 | 183.97 | 302.40 | OK | |
r-release-linux-x86_64 | 1.2.0 | 145.59 | 185.01 | 330.60 | OK | |
r-release-macos-arm64 | 1.2.0 | 109.00 | NOTE | |||
r-release-macos-x86_64 | 1.2.0 | 142.00 | NOTE | |||
r-release-windows-x86_64 | 1.2.0 | 175.00 | 228.00 | 403.00 | OK | |
r-oldrel-macos-arm64 | 1.2.0 | 106.00 | NOTE | |||
r-oldrel-macos-x86_64 | 1.2.0 | 148.00 | NOTE | |||
r-oldrel-windows-x86_64 | 1.2.0 | 170.00 | 214.00 | 384.00 | OK |
Version: 1.2.0
Check: Rd files
Result: NOTE
checkRd: (-1) bdp_dw_bayes_factor_k1.Rd:5: Lost braces; missing escapes or markup?
5 | \title{Estimating the Bayes factor of hypothesis {k1 = 1}.}
| ^
checkRd: (-1) bdp_dw_bayes_factor_k1.Rd:19: Lost braces; missing escapes or markup?
19 | Estimating the Bayes factor of hypothesis {k1 = 1}.
| ^
checkRd: (-1) local_moving_FT_zigzag.Rd:14: Lost braces; missing escapes or markup?
14 | \item{thinning_factor}{Selected from {1, 2, 3}.}
| ^
Flavors: r-devel-linux-x86_64-debian-clang, r-devel-linux-x86_64-debian-gcc
Version: 1.2.0
Check: Rd \usage sections
Result: NOTE
Documented arguments not in \usage in Rd file 'print_summary_gibbs_psd_help.Rd':
‘flag=T:’
Functions with \usage entries need to have the appropriate \alias
entries, and all their arguments documented.
The \usage entries must correspond to syntactically valid R code.
See chapter ‘Writing R documentation files’ in the ‘Writing R
Extensions’ manual.
Flavors: r-devel-linux-x86_64-debian-clang, r-devel-linux-x86_64-debian-gcc, r-devel-linux-x86_64-fedora-clang, r-devel-linux-x86_64-fedora-gcc, r-devel-windows-x86_64
Version: 1.2.0
Check: installed package size
Result: NOTE
installed size is 5.6Mb
sub-directories of 1Mb or more:
libs 5.2Mb
Flavors: r-release-macos-arm64, r-release-macos-x86_64, r-oldrel-macos-arm64, r-oldrel-macos-x86_64