Last updated on 2023-12-04 05:08:58 CET.
Flavor | Version | Tinstall | Tcheck | Ttotal | Status | Flags |
---|---|---|---|---|---|---|
r-devel-linux-x86_64-debian-clang | 0.0.1 | 288.37 | 163.10 | 451.47 | NOTE | |
r-devel-linux-x86_64-debian-gcc | 0.0.1 | 221.57 | 134.50 | 356.07 | NOTE | |
r-devel-linux-x86_64-fedora-clang | 0.0.1 | 579.40 | NOTE | |||
r-devel-linux-x86_64-fedora-gcc | 0.0.1 | 679.95 | NOTE | |||
r-devel-windows-x86_64 | 0.0.1 | 219.00 | 161.00 | 380.00 | NOTE | |
r-patched-linux-x86_64 | 0.0.1 | 0.02 | 1.86 | 1.88 | ERROR | |
r-release-linux-x86_64 | 0.0.1 | 212.47 | 175.43 | 387.90 | NOTE | |
r-release-macos-arm64 | 0.0.1 | 141.00 | NOTE | |||
r-release-macos-x86_64 | 0.0.1 | 219.00 | NOTE | |||
r-release-windows-x86_64 | 0.0.1 | 279.00 | 195.00 | 474.00 | NOTE | |
r-oldrel-macos-arm64 | 0.0.1 | 130.00 | NOTE | |||
r-oldrel-macos-x86_64 | 0.0.1 | 230.00 | NOTE | |||
r-oldrel-windows-x86_64 | 0.0.1 | 258.00 | 187.00 | 445.00 | NOTE |
Version: 0.0.1
Check: for GNU extensions in Makefiles
Result: NOTE
GNU make is a SystemRequirements.
Flavors: r-devel-linux-x86_64-debian-clang, r-devel-linux-x86_64-debian-gcc, r-devel-linux-x86_64-fedora-clang, r-devel-linux-x86_64-fedora-gcc, r-devel-windows-x86_64, r-release-linux-x86_64, r-release-macos-arm64, r-release-macos-x86_64, r-release-windows-x86_64, r-oldrel-macos-arm64, r-oldrel-macos-x86_64, r-oldrel-windows-x86_64
Version: 0.0.1
Check: dependencies in R code
Result: NOTE
Namespace in Imports field not imported from: ‘rstantools’
All declared Imports should be used.
Flavors: r-devel-linux-x86_64-fedora-clang, r-devel-linux-x86_64-fedora-gcc, r-oldrel-macos-arm64, r-oldrel-macos-x86_64
Version: 0.0.1
Check: whether package can be installed
Result: ERROR
Installation failed.
Flavor: r-patched-linux-x86_64
Version: 0.0.1
Check: installed package size
Result: NOTE
installed size is 43.6Mb
sub-directories of 1Mb or more:
libs 43.3Mb
Flavors: r-release-macos-arm64, r-release-macos-x86_64, r-oldrel-macos-arm64, r-oldrel-macos-x86_64