Last updated on 2025-01-22 04:48:29 CET.
Flavor | Version | Tinstall | Tcheck | Ttotal | Status | Flags |
---|---|---|---|---|---|---|
r-devel-linux-x86_64-debian-clang | 3.1 | 757.35 | 235.44 | 992.79 | OK | |
r-devel-linux-x86_64-debian-gcc | 3.1 | 730.71 | 224.40 | 955.11 | OK | |
r-devel-linux-x86_64-fedora-clang | 3.1 | 1565.62 | OK | |||
r-devel-linux-x86_64-fedora-gcc | 3.1 | 2283.22 | OK | |||
r-devel-windows-x86_64 | 3.1 | 738.00 | 290.00 | 1028.00 | OK | |
r-patched-linux-x86_64 | 3.1 | 768.35 | 301.10 | 1069.45 | NOTE | |
r-release-linux-x86_64 | 3.1 | 919.73 | 300.89 | 1220.62 | NOTE | |
r-release-macos-arm64 | 3.1 | 381.00 | NOTE | |||
r-release-macos-x86_64 | 3.1 | 390.00 | NOTE | |||
r-release-windows-x86_64 | 3.1 | 706.00 | 293.00 | 999.00 | NOTE | |
r-oldrel-macos-arm64 | 3.1 | 329.00 | NOTE | |||
r-oldrel-macos-x86_64 | 3.1 | 364.00 | NOTE | |||
r-oldrel-windows-x86_64 | 3.1 | 971.00 | 355.00 | 1326.00 | NOTE |
Version: 3.1
Check: for GNU extensions in Makefiles
Result: NOTE
GNU make is a SystemRequirements.
Flavors: r-patched-linux-x86_64, r-release-linux-x86_64, r-release-macos-arm64, r-release-macos-x86_64, r-release-windows-x86_64, r-oldrel-macos-arm64, r-oldrel-macos-x86_64, r-oldrel-windows-x86_64
Version: 3.1
Check: installed package size
Result: NOTE
installed size is 118.2Mb
sub-directories of 1Mb or more:
libs 116.6Mb
Flavors: r-release-macos-arm64, r-release-macos-x86_64, r-release-windows-x86_64, r-oldrel-macos-arm64, r-oldrel-macos-x86_64, r-oldrel-windows-x86_64