Last updated on 2023-12-01 04:53:49 CET.
Flavor | Version | Tinstall | Tcheck | Ttotal | Status | Flags |
---|---|---|---|---|---|---|
r-devel-linux-x86_64-debian-clang | 1.0.6 | 9.29 | 71.09 | 80.38 | OK | |
r-devel-linux-x86_64-debian-gcc | 1.0.6 | 6.92 | 51.69 | 58.61 | OK | |
r-devel-linux-x86_64-fedora-clang | 1.0.6 | 106.97 | NOTE | |||
r-devel-linux-x86_64-fedora-gcc | 1.0.6 | 92.31 | NOTE | |||
r-devel-windows-x86_64 | 1.0.6 | 9.00 | 70.00 | 79.00 | OK | |
r-patched-linux-x86_64 | 1.0.6 | 8.32 | 65.21 | 73.53 | OK | |
r-release-linux-x86_64 | 1.0.6 | 8.95 | 66.05 | 75.00 | OK | |
r-release-macos-arm64 | 1.0.6 | 34.00 | OK | |||
r-release-macos-x86_64 | 1.0.6 | 54.00 | OK | |||
r-release-windows-x86_64 | 1.0.6 | 12.00 | 80.00 | 92.00 | OK | |
r-oldrel-macos-arm64 | 1.0.6 | 30.00 | NOTE | |||
r-oldrel-macos-x86_64 | 1.0.6 | 58.00 | NOTE | |||
r-oldrel-windows-x86_64 | 1.0.6 | 13.00 | 84.00 | 97.00 | OK |
Version: 1.0.6
Check: package dependencies
Result: NOTE
Imports includes 22 non-default packages.
Importing from so many packages makes the package vulnerable to any of
them becoming unavailable. Move as many as possible to Suggests and
use conditionally.
Flavor: r-devel-linux-x86_64-fedora-clang
Version: 1.0.6
Check: dependencies in R code
Result: NOTE
Namespaces in Imports field not imported from:
‘Rcpp’ ‘chron’ ‘colorspace’ ‘gtable’ ‘htmltools’ ‘htmlwidgets’
‘httpuv’ ‘magrittr’ ‘munsell’ ‘plyr’ ‘scales’ ‘stringi’ ‘xtable’
‘yaml’
All declared Imports should be used.
Flavors: r-devel-linux-x86_64-fedora-clang, r-devel-linux-x86_64-fedora-gcc, r-oldrel-macos-arm64, r-oldrel-macos-x86_64