CRAN Package Check Results for Package bbmix

Last updated on 2024-03-02 04:48:17 CET.

Flavor Version Tinstall Tcheck Ttotal Status Flags
r-devel-linux-x86_64-debian-clang 1.0.0 155.01 148.29 303.30 NOTE
r-devel-linux-x86_64-debian-gcc 1.0.0 156.24 119.57 275.81 NOTE
r-devel-linux-x86_64-fedora-clang 1.0.0 395.06 NOTE
r-devel-linux-x86_64-fedora-gcc 1.0.0 477.96 NOTE
r-devel-windows-x86_64 1.0.0 125.00 142.00 267.00 NOTE
r-patched-linux-x86_64 1.0.0 135.39 153.75 289.14 NOTE
r-release-linux-x86_64 1.0.0 150.55 155.92 306.47 NOTE
r-release-macos-arm64 1.0.0 81.00 NOTE
r-release-macos-x86_64 1.0.0 213.00 NOTE
r-release-windows-x86_64 1.0.0 176.00 181.00 357.00 NOTE
r-oldrel-macos-arm64 1.0.0 78.00 NOTE
r-oldrel-windows-x86_64 1.0.0 145.00 164.00 309.00 NOTE

Check Details

Version: 1.0.0
Check: for GNU extensions in Makefiles
Result: NOTE GNU make is a SystemRequirements. Flavors: r-devel-linux-x86_64-debian-clang, r-devel-linux-x86_64-debian-gcc, r-devel-linux-x86_64-fedora-clang, r-devel-linux-x86_64-fedora-gcc, r-devel-windows-x86_64, r-patched-linux-x86_64, r-release-linux-x86_64, r-release-macos-arm64, r-release-macos-x86_64, r-release-windows-x86_64, r-oldrel-macos-arm64, r-oldrel-windows-x86_64

Version: 1.0.0
Check: installed package size
Result: NOTE installed size is 34.7Mb sub-directories of 1Mb or more: libs 34.0Mb Flavors: r-release-macos-arm64, r-release-macos-x86_64, r-oldrel-macos-arm64