Last updated on 2023-12-03 04:56:00 CET.
Flavor | Version | Tinstall | Tcheck | Ttotal | Status | Flags |
---|---|---|---|---|---|---|
r-devel-linux-x86_64-debian-clang | 1.10.0 | 15.17 | 488.02 | 503.19 | OK | |
r-devel-linux-x86_64-debian-gcc | 1.10.0 | 11.87 | 355.42 | 367.29 | OK | |
r-devel-linux-x86_64-fedora-clang | 1.10.0 | 655.38 | NOTE | |||
r-devel-linux-x86_64-fedora-gcc | 1.10.0 | 620.04 | OK | |||
r-devel-windows-x86_64 | 1.10.0 | 15.00 | 328.00 | 343.00 | NOTE | |
r-patched-linux-x86_64 | 1.10.0 | 19.39 | 460.69 | 480.08 | OK | |
r-release-linux-x86_64 | 1.10.0 | 10.52 | 459.53 | 470.05 | OK | |
r-release-macos-arm64 | 1.10.0 | 167.00 | NOTE | |||
r-release-macos-x86_64 | 1.10.0 | 294.00 | NOTE | |||
r-release-windows-x86_64 | 1.10.0 | 19.00 | 455.00 | 474.00 | NOTE | |
r-oldrel-macos-arm64 | 1.10.0 | 170.00 | NOTE | |||
r-oldrel-macos-x86_64 | 1.10.0 | 190.00 | NOTE | |||
r-oldrel-windows-x86_64 | 1.10.0 | 18.00 | 438.00 | 456.00 | NOTE |
Version: 1.10.0
Check: installed package size
Result: NOTE
installed size is 6.5Mb
sub-directories of 1Mb or more:
R 1.9Mb
doc 3.9Mb
Flavors: r-devel-linux-x86_64-fedora-clang, r-devel-windows-x86_64, r-release-macos-arm64, r-release-macos-x86_64, r-release-windows-x86_64, r-oldrel-macos-arm64, r-oldrel-macos-x86_64, r-oldrel-windows-x86_64