Last updated on 2023-12-06 04:55:44 CET.
Flavor | Version | Tinstall | Tcheck | Ttotal | Status | Flags |
---|---|---|---|---|---|---|
r-devel-linux-x86_64-debian-clang | 0.0.1.0 | 180.72 | 233.36 | 414.08 | NOTE | |
r-devel-linux-x86_64-debian-gcc | 0.0.1.0 | 150.95 | 196.89 | 347.84 | NOTE | |
r-devel-linux-x86_64-fedora-clang | 0.0.1.0 | 545.98 | NOTE | |||
r-devel-linux-x86_64-fedora-gcc | 0.0.1.0 | 614.82 | NOTE | |||
r-devel-windows-x86_64 | 0.0.1.0 | 140.00 | 260.00 | 400.00 | NOTE | |
r-patched-linux-x86_64 | 0.0.1.0 | 148.26 | 251.81 | 400.07 | NOTE | |
r-release-linux-x86_64 | 0.0.1.0 | 128.74 | 256.07 | 384.81 | NOTE | |
r-release-macos-arm64 | 0.0.1.0 | 131.00 | NOTE | |||
r-release-macos-x86_64 | 0.0.1.0 | 235.00 | NOTE | |||
r-release-windows-x86_64 | 0.0.1.0 | 180.00 | 294.00 | 474.00 | NOTE | |
r-oldrel-macos-arm64 | 0.0.1.0 | 127.00 | NOTE | |||
r-oldrel-macos-x86_64 | 0.0.1.0 | 264.00 | NOTE | |||
r-oldrel-windows-x86_64 | 0.0.1.0 | 171.00 | 284.00 | 455.00 | NOTE |
Version: 0.0.1.0
Check: Rd files
Result: NOTE
checkRd: (-1) FoodExpenditure.Rd:48: Lost braces
48 | doi{10.1002/jae.3950090208} Griffiths, W.E., Hill, R.C., and Judge, G.G. (1993).
| ^
checkRd: (-1) GasolineYield.Rd:30: Lost braces; missing escapes or markup?
30 | variables. It was observed that there are only ten sets of values for the first three explanatory variables, so these sets served as conditions for controlled distillation. These conditions are listed in the variable \ code {batch}.
| ^
Flavors: r-devel-linux-x86_64-debian-clang, r-devel-linux-x86_64-debian-gcc
Version: 0.0.1.0
Check: for GNU extensions in Makefiles
Result: NOTE
GNU make is a SystemRequirements.
Flavors: r-devel-linux-x86_64-debian-clang, r-devel-linux-x86_64-debian-gcc, r-devel-linux-x86_64-fedora-clang, r-devel-linux-x86_64-fedora-gcc, r-devel-windows-x86_64, r-patched-linux-x86_64, r-release-linux-x86_64, r-release-macos-arm64, r-release-macos-x86_64, r-release-windows-x86_64, r-oldrel-macos-arm64, r-oldrel-macos-x86_64, r-oldrel-windows-x86_64
Version: 0.0.1.0
Check: dependencies in R code
Result: NOTE
Namespaces in Imports field not imported from:
‘magrittr’ ‘rstantools’
All declared Imports should be used.
Flavors: r-devel-linux-x86_64-fedora-clang, r-devel-linux-x86_64-fedora-gcc, r-oldrel-macos-arm64, r-oldrel-macos-x86_64
Version: 0.0.1.0
Check: installed package size
Result: NOTE
installed size is 42.2Mb
sub-directories of 1Mb or more:
libs 40.1Mb
Flavors: r-release-macos-arm64, r-release-macos-x86_64, r-oldrel-macos-arm64, r-oldrel-macos-x86_64