Last updated on 2023-12-08 05:01:58 CET.
Flavor | Version | Tinstall | Tcheck | Ttotal | Status | Flags |
---|---|---|---|---|---|---|
r-devel-linux-x86_64-debian-clang | 7.4-2 | 21.96 | 135.83 | 157.79 | OK | |
r-devel-linux-x86_64-debian-gcc | 7.4-2 | 17.53 | 99.71 | 117.24 | OK | |
r-devel-linux-x86_64-fedora-clang | 7.4-2 | 191.93 | NOTE | |||
r-devel-linux-x86_64-fedora-gcc | 7.4-2 | 185.38 | OK | |||
r-devel-windows-x86_64 | 7.4-2 | 22.00 | 114.00 | 136.00 | OK | |
r-patched-linux-x86_64 | 7.4-2 | 20.55 | 132.01 | 152.56 | OK | |
r-release-linux-x86_64 | 7.4-2 | 23.04 | 130.78 | 153.82 | OK | |
r-release-macos-arm64 | 7.4-2 | 54.00 | NOTE | |||
r-release-macos-x86_64 | 7.4-2 | 117.00 | NOTE | |||
r-release-windows-x86_64 | 7.4-2 | 29.00 | 138.00 | 167.00 | OK | |
r-oldrel-macos-arm64 | 7.4-2 | 52.00 | NOTE | |||
r-oldrel-macos-x86_64 | 7.4-2 | 74.00 | NOTE | |||
r-oldrel-windows-x86_64 | 7.4-2 | 28.00 | 137.00 | 165.00 | OK |
Version: 7.4-2
Check: installed package size
Result: NOTE
installed size is 5.8Mb
sub-directories of 1Mb or more:
ex-data 4.7Mb
Flavors: r-devel-linux-x86_64-fedora-clang, r-release-macos-arm64, r-release-macos-x86_64, r-oldrel-macos-arm64, r-oldrel-macos-x86_64