Last updated on 2023-12-03 04:56:00 CET.
Flavor | Version | Tinstall | Tcheck | Ttotal | Status | Flags |
---|---|---|---|---|---|---|
r-devel-linux-x86_64-debian-clang | 1.2.12 | 644.90 | 379.72 | 1024.62 | NOTE | |
r-devel-linux-x86_64-debian-gcc | 1.2.12 | 534.21 | 318.63 | 852.84 | NOTE | |
r-devel-linux-x86_64-fedora-clang | 1.2.12 | 1316.32 | NOTE | |||
r-devel-linux-x86_64-fedora-gcc | 1.2.12 | 1336.61 | NOTE | |||
r-devel-windows-x86_64 | 1.2.12 | 480.00 | 367.00 | 847.00 | NOTE | |
r-patched-linux-x86_64 | 1.2.12 | 504.54 | 406.63 | 911.17 | NOTE | |
r-release-linux-x86_64 | 1.2.12 | 0.02 | 2.46 | 2.48 | ERROR | |
r-release-macos-arm64 | 1.2.12 | 348.00 | NOTE | |||
r-release-macos-x86_64 | 1.2.12 | 485.00 | NOTE | |||
r-release-windows-x86_64 | 1.2.12 | 618.00 | 457.00 | 1075.00 | NOTE | |
r-oldrel-macos-arm64 | 1.2.12 | 365.00 | NOTE | |||
r-oldrel-macos-x86_64 | 1.2.12 | 535.00 | NOTE | |||
r-oldrel-windows-x86_64 | 1.2.12 | 585.00 | 428.00 | 1013.00 | NOTE |
Version: 1.2.12
Check: for GNU extensions in Makefiles
Result: NOTE
GNU make is a SystemRequirements.
Flavors: r-devel-linux-x86_64-debian-clang, r-devel-linux-x86_64-debian-gcc, r-devel-linux-x86_64-fedora-clang, r-devel-linux-x86_64-fedora-gcc, r-devel-windows-x86_64, r-patched-linux-x86_64, r-release-macos-arm64, r-release-macos-x86_64, r-release-windows-x86_64, r-oldrel-macos-arm64, r-oldrel-macos-x86_64, r-oldrel-windows-x86_64
Version: 1.2.12
Check: installed package size
Result: NOTE
installed size is 9.0Mb
sub-directories of 1Mb or more:
doc 1.9Mb
libs 5.5Mb
Flavors: r-devel-linux-x86_64-fedora-clang, r-devel-windows-x86_64, r-release-macos-arm64, r-release-macos-x86_64, r-release-windows-x86_64, r-oldrel-macos-arm64, r-oldrel-macos-x86_64, r-oldrel-windows-x86_64
Version: 1.2.12
Check: whether package can be installed
Result: ERROR
Installation failed.
Flavor: r-release-linux-x86_64