CRAN Package Check Results for Package batata

Last updated on 2024-06-20 05:53:40 CEST.

Flavor Version Tinstall Tcheck Ttotal Status Flags
r-devel-linux-x86_64-debian-clang 0.2.1 2.07 30.80 32.87 NOTE
r-devel-linux-x86_64-debian-gcc 0.2.1 1.93 23.71 25.64 NOTE
r-devel-linux-x86_64-fedora-clang 0.2.1 44.98 NOTE
r-devel-linux-x86_64-fedora-gcc 0.2.1 56.98 NOTE
r-devel-windows-x86_64 0.2.1 3.00 47.00 50.00 NOTE
r-patched-linux-x86_64 0.2.1 2.92 29.79 32.71 NOTE
r-release-linux-x86_64 0.2.1 2.36 30.05 32.41 NOTE
r-release-macos-arm64 0.2.1 32.00 NOTE
r-release-macos-x86_64 0.2.1 40.00 NOTE
r-release-windows-x86_64 0.2.1 4.00 49.00 53.00 NOTE
r-oldrel-macos-arm64 0.2.1 29.00 NOTE
r-oldrel-macos-x86_64 0.2.1 56.00 NOTE
r-oldrel-windows-x86_64 0.2.1 4.00 50.00 54.00 NOTE

Check Details

Version: 0.2.1
Check: LazyData
Result: NOTE 'LazyData' is specified without a 'data' directory Flavors: r-devel-linux-x86_64-debian-clang, r-devel-linux-x86_64-debian-gcc, r-devel-linux-x86_64-fedora-clang, r-devel-linux-x86_64-fedora-gcc, r-devel-windows-x86_64, r-patched-linux-x86_64, r-release-linux-x86_64, r-release-macos-arm64, r-release-macos-x86_64, r-release-windows-x86_64, r-oldrel-macos-arm64, r-oldrel-macos-x86_64, r-oldrel-windows-x86_64