CRAN Package Check Results for Package basifoR

Last updated on 2024-02-26 04:49:21 CET.

Flavor Version Tinstall Tcheck Ttotal Status Flags
r-devel-linux-x86_64-debian-clang 0.4 7.58 63.50 71.08 NOTE
r-devel-linux-x86_64-debian-gcc 0.4 6.16 47.24 53.40 NOTE
r-devel-linux-x86_64-fedora-clang 0.4 87.80 OK
r-devel-linux-x86_64-fedora-gcc 0.4 80.23 OK
r-devel-windows-x86_64 0.4 8.00 66.00 74.00 OK
r-patched-linux-x86_64 0.4 10.91 59.51 70.42 OK
r-release-linux-x86_64 0.4 4.92 60.42 65.34 OK
r-release-macos-arm64 0.4 32.00 OK
r-release-macos-x86_64 0.4 44.00 OK
r-release-windows-x86_64 0.4 10.00 74.00 84.00 OK
r-oldrel-macos-arm64 0.4 39.00 OK
r-oldrel-windows-x86_64 0.4 10.00 87.00 97.00 OK

Check Details

Version: 0.4
Check: Rd files
Result: NOTE checkRd: (-1) nfiMetrics.Rd:23: Lost braces 23 | code{(4)} the number of | ^ Flavors: r-devel-linux-x86_64-debian-clang, r-devel-linux-x86_64-debian-gcc