CRAN Package Check Results for Package base64enc

Last updated on 2023-12-06 04:55:44 CET.

Flavor Version Tinstall Tcheck Ttotal Status Flags
r-devel-linux-x86_64-debian-clang 0.1-3 2.57 20.03 22.60 OK
r-devel-linux-x86_64-debian-gcc 0.1-3 2.05 15.88 17.93 OK
r-devel-linux-x86_64-fedora-clang 0.1-3 31.01 NOTE
r-devel-linux-x86_64-fedora-gcc 0.1-3 28.27 NOTE
r-devel-windows-x86_64 0.1-3 7.00 39.00 46.00 OK
r-patched-linux-x86_64 0.1-3 2.94 19.84 22.78 OK
r-release-linux-x86_64 0.1-3 2.75 19.62 22.37 OK
r-release-macos-arm64 0.1-3 16.00 OK
r-release-macos-x86_64 0.1-3 21.00 OK
r-release-windows-x86_64 0.1-3 6.00 39.00 45.00 OK
r-oldrel-macos-arm64 0.1-3 15.00 OK
r-oldrel-macos-x86_64 0.1-3 23.00 OK
r-oldrel-windows-x86_64 0.1-3 9.00 46.00 55.00 OK

Check Details

Version: 0.1-3
Check: compiled code
Result: NOTE File ‘base64enc/libs/base64enc.so’: Found no calls to: ‘R_registerRoutines’, ‘R_useDynamicSymbols’ It is good practice to register native routines and to disable symbol search. See ‘Writing portable packages’ in the ‘Writing R Extensions’ manual. Flavors: r-devel-linux-x86_64-fedora-clang, r-devel-linux-x86_64-fedora-gcc