Last updated on 2023-12-02 04:52:06 CET.
Flavor | Version | Tinstall | Tcheck | Ttotal | Status | Flags |
---|---|---|---|---|---|---|
r-devel-linux-x86_64-debian-clang | 1.1 | 32.59 | 332.26 | 364.85 | OK | |
r-devel-linux-x86_64-debian-gcc | 1.1 | 27.08 | 250.60 | 277.68 | OK | |
r-devel-linux-x86_64-fedora-clang | 1.1 | 513.70 | OK | |||
r-devel-linux-x86_64-fedora-gcc | 1.1 | 458.09 | OK | |||
r-devel-windows-x86_64 | 1.1 | 32.00 | 251.00 | 283.00 | OK | |
r-patched-linux-x86_64 | 1.1 | 25.71 | 321.63 | 347.34 | OK | |
r-release-linux-x86_64 | 1.1 | 23.94 | 324.44 | 348.38 | OK | |
r-release-macos-arm64 | 1.1 | 139.00 | NOTE | |||
r-release-macos-x86_64 | 1.1 | 250.00 | NOTE | |||
r-release-windows-x86_64 | 1.1 | 42.00 | 345.00 | 387.00 | OK | |
r-oldrel-macos-arm64 | 1.1 | 120.00 | NOTE | |||
r-oldrel-macos-x86_64 | 1.1 | 157.00 | NOTE | |||
r-oldrel-windows-x86_64 | 1.1 | 42.00 | 310.00 | 352.00 | OK |
Version: 1.1
Check: package dependencies
Result: NOTE
Package suggested but not available for checking: ‘ArrayExpress’
Flavors: r-release-macos-arm64, r-release-macos-x86_64, r-oldrel-macos-arm64, r-oldrel-macos-x86_64