CRAN Package Check Results for Package backbone

Last updated on 2023-10-01 05:53:06 CEST.

Flavor Version Tinstall Tcheck Ttotal Status Flags
r-devel-linux-x86_64-debian-clang 2.1.2 21.56 71.02 92.58 NOTE
r-devel-linux-x86_64-debian-gcc 2.1.2 16.52 51.98 68.50 NOTE
r-devel-linux-x86_64-fedora-clang 2.1.2 123.54 NOTE
r-devel-linux-x86_64-fedora-gcc 2.1.2 136.43 NOTE
r-devel-windows-x86_64 2.1.2 20.00 95.00 115.00 NOTE
r-patched-linux-x86_64 2.1.2 25.69 67.93 93.62 OK
r-release-linux-x86_64 2.1.2 25.21 69.14 94.35 OK
r-release-macos-arm64 2.1.2 44.00 OK
r-release-macos-x86_64 2.1.2 67.00 OK
r-release-windows-x86_64 2.1.2 26.00 109.00 135.00 OK
r-oldrel-macos-arm64 2.1.2 41.00 OK
r-oldrel-macos-x86_64 2.1.2 51.00 OK
r-oldrel-windows-x86_64 2.1.2 24.00 117.00 141.00 OK

Check Details

Version: 2.1.2
Check: Rd \usage sections
Result: NOTE
    Documented arguments not in \usage in documentation object 'write.narrative':
     ‘trials:’
    
    Functions with \usage entries need to have the appropriate \alias
    entries, and all their arguments documented.
    The \usage entries must correspond to syntactically valid R code.
    See chapter ‘Writing R documentation files’ in the ‘Writing R
    Extensions’ manual.
Flavors: r-devel-linux-x86_64-debian-clang, r-devel-linux-x86_64-debian-gcc, r-devel-linux-x86_64-fedora-clang, r-devel-linux-x86_64-fedora-gcc, r-devel-windows-x86_64