Last updated on 2023-12-03 04:56:00 CET.
Flavor | Version | Tinstall | Tcheck | Ttotal | Status | Flags |
---|---|---|---|---|---|---|
r-devel-linux-x86_64-debian-clang | 0.1.4.3 | 9.69 | 149.21 | 158.90 | OK | |
r-devel-linux-x86_64-debian-gcc | 0.1.4.3 | 7.04 | 106.96 | 114.00 | OK | |
r-devel-linux-x86_64-fedora-clang | 0.1.4.3 | 189.59 | NOTE | |||
r-devel-linux-x86_64-fedora-gcc | 0.1.4.3 | 199.48 | OK | |||
r-devel-windows-x86_64 | 0.1.4.3 | 11.00 | 123.00 | 134.00 | OK | |
r-patched-linux-x86_64 | 0.1.4.3 | 8.47 | 137.71 | 146.18 | OK | |
r-release-linux-x86_64 | 0.1.4.3 | 8.38 | 139.48 | 147.86 | OK | |
r-release-macos-arm64 | 0.1.4.3 | 68.00 | OK | |||
r-release-macos-x86_64 | 0.1.4.3 | 108.00 | OK | |||
r-release-windows-x86_64 | 0.1.4.3 | 14.00 | 162.00 | 176.00 | OK | |
r-oldrel-macos-arm64 | 0.1.4.3 | 69.00 | NOTE | |||
r-oldrel-macos-x86_64 | 0.1.4.3 | 76.00 | OK | |||
r-oldrel-windows-x86_64 | 0.1.4.3 | 13.00 | 164.00 | 177.00 | OK |
Version: 0.1.4.3
Check: Rd cross-references
Result: NOTE
Undeclared packages ‘InvariantCausalPrediction’, ‘CompareCausalNetworks’ in Rd xrefs
Flavor: r-devel-linux-x86_64-fedora-clang
Version: 0.1.4.3
Check: package dependencies
Result: NOTE
Package suggested but not available for checking: ‘pcalg’
Flavor: r-oldrel-macos-arm64
Version: 0.1.4.3
Check: Rd cross-references
Result: NOTE
Package unavailable to check Rd xrefs: ‘pcalg’
Flavor: r-oldrel-macos-arm64