CRAN Package Check Results for Package azuremlsdk

Last updated on 2023-12-04 05:08:58 CET.

Flavor Version Tinstall Tcheck Ttotal Status Flags
r-devel-linux-x86_64-debian-clang 1.10.0 10.26 120.73 130.99 NOTE
r-devel-linux-x86_64-debian-gcc 1.10.0 8.99 94.17 103.16 NOTE
r-devel-linux-x86_64-fedora-clang 1.10.0 185.63 OK
r-devel-linux-x86_64-fedora-gcc 1.10.0 173.62 OK
r-devel-windows-x86_64 1.10.0 12.00 132.00 144.00 OK
r-patched-linux-x86_64 1.10.0 11.78 119.12 130.90 OK
r-release-linux-x86_64 1.10.0 10.30 121.51 131.81 OK
r-release-macos-arm64 1.10.0 66.00 OK
r-release-macos-x86_64 1.10.0 96.00 OK
r-release-windows-x86_64 1.10.0 15.00 160.00 175.00 OK
r-oldrel-macos-arm64 1.10.0 44.00 OK
r-oldrel-macos-x86_64 1.10.0 66.00 OK
r-oldrel-windows-x86_64 1.10.0 16.00 135.00 151.00 OK

Check Details

Version: 1.10.0
Check: Rd files
Result: NOTE checkRd: (-1) create_tabular_dataset_from_delimited_files.Rd:44: Lost braces; missing escapes or markup? 44 | format '{x}' and datetime column from format '{x:yyyy/MM/dd/HH/mm/ss}', where 'yyyy', 'MM', | ^ checkRd: (-1) create_tabular_dataset_from_delimited_files.Rd:44: Lost braces; missing escapes or markup? 44 | format '{x}' and datetime column from format '{x:yyyy/MM/dd/HH/mm/ss}', where 'yyyy', 'MM', | ^ checkRd: (-1) create_tabular_dataset_from_delimited_files.Rd:48: Lost braces; missing escapes or markup? 48 | we can define '/{Country}/{PartitionDate:yyyy/MM/dd}/data.csv' to create columns 'Country' | ^ checkRd: (-1) create_tabular_dataset_from_delimited_files.Rd:48: Lost braces; missing escapes or markup? 48 | we can define '/{Country}/{PartitionDate:yyyy/MM/dd}/data.csv' to create columns 'Country' | ^ checkRd: (-1) create_tabular_dataset_from_json_lines_files.Rd:32: Lost braces; missing escapes or markup? 32 | format '{x}' and datetime column from format '{x:yyyy/MM/dd/HH/mm/ss}', where 'yyyy', 'MM', | ^ checkRd: (-1) create_tabular_dataset_from_json_lines_files.Rd:32: Lost braces; missing escapes or markup? 32 | format '{x}' and datetime column from format '{x:yyyy/MM/dd/HH/mm/ss}', where 'yyyy', 'MM', | ^ checkRd: (-1) create_tabular_dataset_from_json_lines_files.Rd:36: Lost braces; missing escapes or markup? 36 | we can define '/{Country}/{PartitionDate:yyyy/MM/dd}/data.csv' to create columns 'Country' | ^ checkRd: (-1) create_tabular_dataset_from_json_lines_files.Rd:36: Lost braces; missing escapes or markup? 36 | we can define '/{Country}/{PartitionDate:yyyy/MM/dd}/data.csv' to create columns 'Country' | ^ checkRd: (-1) create_tabular_dataset_from_parquet_files.Rd:31: Lost braces; missing escapes or markup? 31 | format '{x}' and datetime column from format '{x:yyyy/MM/dd/HH/mm/ss}', where 'yyyy', 'MM', | ^ checkRd: (-1) create_tabular_dataset_from_parquet_files.Rd:31: Lost braces; missing escapes or markup? 31 | format '{x}' and datetime column from format '{x:yyyy/MM/dd/HH/mm/ss}', where 'yyyy', 'MM', | ^ checkRd: (-1) create_tabular_dataset_from_parquet_files.Rd:35: Lost braces; missing escapes or markup? 35 | we can define '/{Country}/{PartitionDate:yyyy/MM/dd}/data.csv' to create columns 'Country' | ^ checkRd: (-1) create_tabular_dataset_from_parquet_files.Rd:35: Lost braces; missing escapes or markup? 35 | we can define '/{Country}/{PartitionDate:yyyy/MM/dd}/data.csv' to create columns 'Country' | ^ checkRd: (-1) get_run_metrics.Rd:20: Lost braces 20 | \item{recursive}{If specified, returns runs matching specified \emph{"property"} or {\emph{"property"}: \emph{"value"}}.} | ^ checkRd: (-1) submit_child_run.Rd:14: Lost braces; missing escapes or markup? 14 | \item{tags}{Tags to be added to the submitted run, e.g., {"tag": "value"}.} | ^ Flavors: r-devel-linux-x86_64-debian-clang, r-devel-linux-x86_64-debian-gcc